{"id":703288,"date":"2025-12-23T12:02:01","date_gmt":"2025-12-23T09:02:01","guid":{"rendered":"https:\/\/nbg.eu\/product\/bando-bag-xl\/"},"modified":"2026-04-15T14:10:56","modified_gmt":"2026-04-15T11:10:56","slug":"bando-bag-xl","status":"publish","type":"product","link":"https:\/\/nbg.eu\/cs\/produkt\/bando-bag-xl\/","title":{"rendered":"Eberlestock Ta\u0161ka Bando XL"},"content":{"rendered":"<h2>Bando Bag-XL: V\u0161estrann\u00fd a pohodln\u00fd EDC p\u0159enos<\/h2>\n<p>Bando Bag-XL je lehk\u00fd a pohodln\u00fd zp\u016fsob, jak p\u0159en\u00e1\u0161et va\u0161e ka\u017edodenn\u00ed polo\u017eky (EDC). Zadn\u00ed kapsa s pln\u00fdm zipem na Bando Bag-XL m\u011b\u0159\u00ed 6&#8243;v x 11&#8243;\u0161 x 3&#8243;h, co\u017e je dostate\u010dn\u011b velk\u00e9 na um\u00edst\u011bn\u00ed v\u011bt\u0161iny celokrytov\u00fdch zbran\u00ed a men\u0161\u00edch st\u0159eln\u00fdch zbran\u00ed. Hlavn\u00ed prostor m\u00e1 vnit\u0159n\u00ed zipovou s\u00ed\u0165ovanou kapsu a dv\u011b p\u0159ihr\u00e1dky na dal\u0161\u00ed organizaci, zat\u00edmco mal\u00e1 zipov\u00e1 p\u0159edn\u00ed kapsa je ide\u00e1ln\u00ed na kl\u00ed\u010de, kabely nebo dal\u0161\u00ed drobn\u00e9 p\u0159edm\u011bty.<\/p>\n<p>Nastaviteln\u00fd p\u00e1sek v pase na Bando Bag-XL umo\u017e\u0148uje p\u0159izp\u016fsoben\u00fd komfort, a to v rozsahu od 31,5&#8243; do 44&#8243; d\u00e9lky. Bando Bag-XL bude tak\u00e9 obsahovat integrovanou kapsu pro pohodln\u00e9 no\u0161en\u00ed tourniketu pod horn\u00ed klapkou hlavn\u00edho prostoru, co\u017e umo\u017e\u0148uje snadn\u00fd p\u0159\u00edstup k tomuto nezbytn\u00e9 nouzov\u00e9 v\u00fdbav\u011b.<\/p>\n<h2>Kl\u00ed\u010dov\u00e9 funkce:<\/h2>\n<ul>\n<li>-Zadn\u00ed kapsa s pln\u00fdm zipem (6&#8243;v x 11&#8243;\u0161 x 3&#8243;h) pro ulo\u017een\u00ed zbran\u011b<\/li>\n<li>-Vnit\u0159n\u00ed zipov\u00e1 s\u00ed\u0165ovan\u00e1 kapsa a dv\u011b p\u0159ihr\u00e1dky pro organizaci<\/li>\n<li>-Mal\u00e1 zipov\u00e1 p\u0159edn\u00ed kapsa na kl\u00ed\u010de, kabely a dal\u0161\u00ed drobn\u00e9 p\u0159edm\u011bty<\/li>\n<li>-Nastaviteln\u00fd p\u00e1sek v pase (31,5&#8243;-44&#8243;)<\/li>\n<li>-Integrovan\u00e1 kapsa pro p\u0159enos tourniketu<\/li>\n<\/ul>\n","protected":false},"excerpt":{"rendered":"<p>Lehk\u00e1, na zip uzav\u00edrateln\u00e1 EDC ta\u0161ka s kapsou o velikosti 6&#8243;v x 11&#8243;\u0161 x 3&#8243;h pro plnohodnotn\u00e9 bo\u010dn\u00ed zbran\u011b.<\/p>\n","protected":false},"featured_media":703358,"template":"","meta":{"_acf_changed":false},"product_brand":[15137],"product_cat":[12649],"product_tag":[],"class_list":{"0":"post-703288","1":"product","2":"type-product","3":"status-publish","4":"has-post-thumbnail","6":"product_brand-eberlestock","7":"product_cat-rangebags","9":"first","10":"instock","11":"taxable","12":"shipping-taxable","13":"purchasable","14":"product-type-variable","15":"wvs-archive-product-wrapper"},"acf":[],"_links":{"self":[{"href":"https:\/\/nbg.eu\/cs\/wp-json\/wp\/v2\/product\/703288","targetHints":{"allow":["GET"]}}],"collection":[{"href":"https:\/\/nbg.eu\/cs\/wp-json\/wp\/v2\/product"}],"about":[{"href":"https:\/\/nbg.eu\/cs\/wp-json\/wp\/v2\/types\/product"}],"wp:featuredmedia":[{"embeddable":true,"href":"https:\/\/nbg.eu\/cs\/wp-json\/wp\/v2\/media\/703358"}],"wp:attachment":[{"href":"https:\/\/nbg.eu\/cs\/wp-json\/wp\/v2\/media?parent=703288"}],"wp:term":[{"taxonomy":"product_brand","embeddable":true,"href":"https:\/\/nbg.eu\/cs\/wp-json\/wp\/v2\/product_brand?post=703288"},{"taxonomy":"product_cat","embeddable":true,"href":"https:\/\/nbg.eu\/cs\/wp-json\/wp\/v2\/product_cat?post=703288"},{"taxonomy":"product_tag","embeddable":true,"href":"https:\/\/nbg.eu\/cs\/wp-json\/wp\/v2\/product_tag?post=703288"}],"curies":[{"name":"wp","href":"https:\/\/api.w.org\/{rel}","templated":true}]}}

Eberlestock Taška Bando XL

<h2>Bando Bag-XL: Všestranný a pohodlný EDC přenos</h2>
<p>Bando Bag-XL je lehký a pohodlný způsob, jak přenášet vaše každodenní položky (EDC). Zadní kapsa s plným zipem na Bando Bag-XL měří 6&#8243;v x 11&#8243;š x 3&#8243;h, což je dostatečně velké na umístění většiny celokrytových zbraní a menších střelných zbraní. Hlavní prostor má vnitřní zipovou síťovanou kapsu a dvě přihrádky na další organizaci, zatímco malá zipová přední kapsa je ideální na klíče, kabely nebo další drobné předměty.</p>
<p>Nastavitelný pásek v pase na Bando Bag-XL umožňuje přizpůsobený komfort, a to v rozsahu od 31,5&#8243; do 44&#8243; délky. Bando Bag-XL bude také obsahovat integrovanou kapsu pro pohodlné nošení tourniketu pod horní klapkou hlavního prostoru, což umožňuje snadný přístup k tomuto nezbytné nouzové výbavě.</p>
<h2>Klíčové funkce:</h2>
<ul>
<li>-Zadní kapsa s plným zipem (6&#8243;v x 11&#8243;š x 3&#8243;h) pro uložení zbraně</li>
<li>-Vnitřní zipová síťovaná kapsa a dvě přihrádky pro organizaci</li>
<li>-Malá zipová přední kapsa na klíče, kabely a další drobné předměty</li>
<li>-Nastavitelný pásek v pase (31,5&#8243;-44&#8243;)</li>
<li>-Integrovaná kapsa pro přenos tourniketu</li>
</ul>

<p>Lehká, na zip uzavíratelná EDC taška s kapsou o velikosti 6&#8243;v x 11&#8243;š x 3&#8243;h pro plnohodnotné boční zbraně.</p>
