{"id":704049,"date":"2025-12-23T12:03:47","date_gmt":"2025-12-23T09:03:47","guid":{"rendered":"https:\/\/nbg.eu\/product\/taska-bando\/"},"modified":"2026-04-15T14:10:53","modified_gmt":"2026-04-15T11:10:53","slug":"taska-bando","status":"publish","type":"product","link":"https:\/\/nbg.eu\/cs\/produkt\/taska-bando\/","title":{"rendered":"Eberlestock Ta\u0161ka Bando"},"content":{"rendered":"<h2>Bando Bag: Pohodln\u00e9 a lehk\u00e9 ka\u017edodenn\u00ed no\u0161en\u00ed<\/h2>\n<p>Bando Bag je lehk\u00fd a pohodln\u00fd zp\u016fsob p\u0159epravy va\u0161ich ka\u017edodenn\u00edch polo\u017eek. Zadn\u00ed kapsa na zip na Bandu m\u011b\u0159\u00ed 5,5 &#8222;v x 9,5&#8220; \u0161 x 1 &#8222;h, dostate\u010dn\u011b velk\u00e1 pro v\u011bt\u0161inu subkompaktn\u00edch a kompaktn\u00edch postran\u00edch zbran\u00ed jako Glock-19 a podobn\u00e9 velikosti. Hlavn\u00ed prostor obsahuje vnit\u0159n\u00ed zipovou s\u00ed\u0165ovanou kapsu a dv\u011b kapsi\u010dky na ulo\u017een\u00ed. Mal\u00e1 p\u0159edn\u00ed zipov\u00e1 kapsa je ide\u00e1ln\u00ed pro kl\u00ed\u010de, kabely nebo jin\u00e9 drobn\u00e9 p\u0159edm\u011bty. D\u00e9lka pasu je nastaviteln\u00e1 od 31,5 &#8222;do 44&#8220;.<\/p>\n<h2>Kl\u00ed\u010dov\u00e9 funkce<\/h2>\n<ul>\n<li>Zadn\u00ed zipov\u00e1 kapsa<\/li>\n<li>Vnit\u0159n\u00ed zipov\u00e1 s\u00ed\u0165ovan\u00e1 kapsa<\/li>\n<li>Dv\u011b vnit\u0159n\u00ed kapsi\u010dky<\/li>\n<li>Mal\u00e1 p\u0159edn\u00ed zipov\u00e1 kapsa<\/li>\n<li>Nastaviteln\u00fd p\u00e1s (31,5&#8243;-44&#8243;)<\/li>\n<li>Integrovan\u00e9 pouzdro pro pohodln\u00e9 no\u0161en\u00ed tourniketu<\/li>\n<\/ul>\n","protected":false},"excerpt":{"rendered":"<p>Batoh Bando je lehk\u00fd a pohodln\u00fd zp\u016fsob, jak p\u0159epravovat va\u0161e EDC polo\u017eky. Vejde se do v\u011bt\u0161iny kompaktn\u00edch a\u017e plnorozm\u011brn\u00fdch pistol\u00ed.<\/p>\n","protected":false},"featured_media":704082,"template":"","meta":{"_acf_changed":false},"product_brand":[15137],"product_cat":[12649],"product_tag":[],"class_list":{"0":"post-704049","1":"product","2":"type-product","3":"status-publish","4":"has-post-thumbnail","6":"product_brand-eberlestock","7":"product_cat-rangebags","9":"first","10":"instock","11":"taxable","12":"shipping-taxable","13":"purchasable","14":"product-type-variable","15":"wvs-archive-product-wrapper"},"acf":[],"_links":{"self":[{"href":"https:\/\/nbg.eu\/cs\/wp-json\/wp\/v2\/product\/704049","targetHints":{"allow":["GET"]}}],"collection":[{"href":"https:\/\/nbg.eu\/cs\/wp-json\/wp\/v2\/product"}],"about":[{"href":"https:\/\/nbg.eu\/cs\/wp-json\/wp\/v2\/types\/product"}],"wp:featuredmedia":[{"embeddable":true,"href":"https:\/\/nbg.eu\/cs\/wp-json\/wp\/v2\/media\/704082"}],"wp:attachment":[{"href":"https:\/\/nbg.eu\/cs\/wp-json\/wp\/v2\/media?parent=704049"}],"wp:term":[{"taxonomy":"product_brand","embeddable":true,"href":"https:\/\/nbg.eu\/cs\/wp-json\/wp\/v2\/product_brand?post=704049"},{"taxonomy":"product_cat","embeddable":true,"href":"https:\/\/nbg.eu\/cs\/wp-json\/wp\/v2\/product_cat?post=704049"},{"taxonomy":"product_tag","embeddable":true,"href":"https:\/\/nbg.eu\/cs\/wp-json\/wp\/v2\/product_tag?post=704049"}],"curies":[{"name":"wp","href":"https:\/\/api.w.org\/{rel}","templated":true}]}}

Eberlestock Taška Bando

<h2>Bando Bag: Pohodlné a lehké každodenní nošení</h2>
<p>Bando Bag je lehký a pohodlný způsob přepravy vašich každodenních položek. Zadní kapsa na zip na Bandu měří 5,5 &#8222;v x 9,5&#8220; š x 1 &#8222;h, dostatečně velká pro většinu subkompaktních a kompaktních postraních zbraní jako Glock-19 a podobné velikosti. Hlavní prostor obsahuje vnitřní zipovou síťovanou kapsu a dvě kapsičky na uložení. Malá přední zipová kapsa je ideální pro klíče, kabely nebo jiné drobné předměty. Délka pasu je nastavitelná od 31,5 &#8222;do 44&#8220;.</p>
<h2>Klíčové funkce</h2>
<ul>
<li>Zadní zipová kapsa</li>
<li>Vnitřní zipová síťovaná kapsa</li>
<li>Dvě vnitřní kapsičky</li>
<li>Malá přední zipová kapsa</li>
<li>Nastavitelný pás (31,5&#8243;-44&#8243;)</li>
<li>Integrované pouzdro pro pohodlné nošení tourniketu</li>
</ul>

<p>Batoh Bando je lehký a pohodlný způsob, jak přepravovat vaše EDC položky. Vejde se do většiny kompaktních až plnorozměrných pistolí.</p>
