{"id":750157,"date":"2026-04-24T11:17:44","date_gmt":"2026-04-24T08:17:44","guid":{"rendered":"https:\/\/nbg.eu\/product\/eberlestock-spectre-rucksack-multicam\/"},"modified":"2026-04-24T12:02:25","modified_gmt":"2026-04-24T09:02:25","slug":"eberlestock-spectre-rucksack-multicam","status":"publish","type":"product","link":"https:\/\/nbg.eu\/de\/produkt\/eberlestock-spectre-rucksack-multicam\/","title":{"rendered":"Eberlestock Spectre Rucksack &#8211; Multicam"},"content":{"rendered":"<h2>Eberlestock Spectre Rucksack<\/h2>\n<p>Der Eberlestock Spectre ist der innovativste und vielseitigste Scharfsch\u00fctzen-Rucksack im Eberlestock-Sortiment und definiert die M\u00f6glichkeiten f\u00fcr pr\u00e4zisionskampftaugliche Ausr\u00fcstung neu. Mit 3100 Kubikzoll Kapazit\u00e4t, integrierter Waffenscheide und umfassenden Organisationsmerkmalen ist der Spectre f\u00fcr Einsatzkr\u00e4fte konzipiert, die h\u00f6chste Leistung von ihrer Ausr\u00fcstung verlangen.<\/p>\n<h3>Hauptmerkmale<\/h3>\n<ul>\n<li>3,100 c.i. \/ 50.8L capacity<\/li>\n<li>Integrated rifle scabbard (34&#8243;)<\/li>\n<li>Full MOLLE\/PALS webbing<\/li>\n<li>Adjustable torso length<\/li>\n<li>Hydration compatible<\/li>\n<li>Eberlestock Lifetime Warranty<\/li>\n<\/ul>\n<h3>Spezifikationen<\/h3>\n<table>\n<tr>\n<td><strong>Kapazit\u00e4t<\/strong><\/td>\n<td>3,100 c.i. \/ 50.8L<\/td>\n<\/tr>\n<tr>\n<td><strong>Gewicht<\/strong><\/td>\n<td>6 lbs 6 oz<\/td>\n<\/tr>\n<tr>\n<td><strong>Abmessungen<\/strong><\/td>\n<td>23&#8243; x 12&#8243; (Scabbard: 34&#8243;)<\/td>\n<\/tr>\n<tr>\n<td><strong>Artikelnummern<\/strong><\/td>\n<td>W2MM, W2ME, W2MC, W2MJ<\/td>\n<\/tr>\n<tr>\n<td><strong>Hersteller<\/strong><\/td>\n<td>Eberlestock (Veteranenunternehmen)<\/td>\n<\/tr>\n<\/table>\n","protected":false},"excerpt":{"rendered":"<p>Der Eberlestock Spectre ist der innovativste und vielseitigste Scharfsch\u00fctzen-Rucksack im Eberlestock-Sortiment und definiert die M\u00f6glichkeiten f\u00fcr pr\u00e4zisionskampftaugliche Ausr\u00fcstung neu. Mit 3100 Kubikzoll Kapazit\u00e4t, integrierter Waffenscheide und umfassenden Organisationsmerkmalen ist der Spectre f\u00fcr Einsatzkr\u00e4fte konzipiert, die h\u00f6chste Leistung von ihrer Ausr\u00fcstung verlangen.<\/p>\n","protected":false},"featured_media":750158,"template":"","meta":{"_acf_changed":false},"product_brand":[15152],"product_cat":[12051],"product_tag":[],"class_list":{"0":"post-750157","1":"product","2":"type-product","3":"status-publish","4":"has-post-thumbnail","6":"product_brand-eberlestock","7":"product_cat-rucksaecke","9":"first","10":"outofstock","11":"taxable","12":"shipping-taxable","13":"purchasable","14":"product-type-simple"},"acf":[],"_links":{"self":[{"href":"https:\/\/nbg.eu\/de\/wp-json\/wp\/v2\/product\/750157","targetHints":{"allow":["GET"]}}],"collection":[{"href":"https:\/\/nbg.eu\/de\/wp-json\/wp\/v2\/product"}],"about":[{"href":"https:\/\/nbg.eu\/de\/wp-json\/wp\/v2\/types\/product"}],"wp:featuredmedia":[{"embeddable":true,"href":"https:\/\/nbg.eu\/de\/wp-json\/wp\/v2\/media\/750158"}],"wp:attachment":[{"href":"https:\/\/nbg.eu\/de\/wp-json\/wp\/v2\/media?parent=750157"}],"wp:term":[{"taxonomy":"product_brand","embeddable":true,"href":"https:\/\/nbg.eu\/de\/wp-json\/wp\/v2\/product_brand?post=750157"},{"taxonomy":"product_cat","embeddable":true,"href":"https:\/\/nbg.eu\/de\/wp-json\/wp\/v2\/product_cat?post=750157"},{"taxonomy":"product_tag","embeddable":true,"href":"https:\/\/nbg.eu\/de\/wp-json\/wp\/v2\/product_tag?post=750157"}],"curies":[{"name":"wp","href":"https:\/\/api.w.org\/{rel}","templated":true}]}}

<h2>Eberlestock Spectre Rucksack</h2>
<p>Der Eberlestock Spectre ist der innovativste und vielseitigste Scharfschützen-Rucksack im Eberlestock-Sortiment und definiert die Möglichkeiten für präzisionskampftaugliche Ausrüstung neu. Mit 3100 Kubikzoll Kapazität, integrierter Waffenscheide und umfassenden Organisationsmerkmalen ist der Spectre für Einsatzkräfte konzipiert, die höchste Leistung von ihrer Ausrüstung verlangen.</p>
<h3>Hauptmerkmale</h3>
<ul>
<li>3,100 c.i. / 50.8L capacity</li>
<li>Integrated rifle scabbard (34&#8243;)</li>
<li>Full MOLLE/PALS webbing</li>
<li>Adjustable torso length</li>
<li>Hydration compatible</li>
<li>Eberlestock Lifetime Warranty</li>
</ul>
<h3>Spezifikationen</h3>
<table>
<tr>
<td><strong>Kapazität</strong></td>
<td>3,100 c.i. / 50.8L</td>
</tr>
<tr>
<td><strong>Gewicht</strong></td>
<td>6 lbs 6 oz</td>
</tr>
<tr>
<td><strong>Abmessungen</strong></td>
<td>23&#8243; x 12&#8243; (Scabbard: 34&#8243;)</td>
</tr>
<tr>
<td><strong>Artikelnummern</strong></td>
<td>W2MM, W2ME, W2MC, W2MJ</td>
</tr>
<tr>
<td><strong>Hersteller</strong></td>
<td>Eberlestock (Veteranenunternehmen)</td>
</tr>
</table>

<p>Der Eberlestock Spectre ist der innovativste und vielseitigste Scharfschützen-Rucksack im Eberlestock-Sortiment und definiert die Möglichkeiten für präzisionskampftaugliche Ausrüstung neu. Mit 3100 Kubikzoll Kapazität, integrierter Waffenscheide und umfassenden Organisationsmerkmalen ist der Spectre für Einsatzkräfte konzipiert, die höchste Leistung von ihrer Ausrüstung verlangen.</p>
