{"id":750571,"date":"2026-04-24T11:17:48","date_gmt":"2026-04-24T08:17:48","guid":{"rendered":"https:\/\/nbg.eu\/product\/eberlestock-modframe-dry-earth\/"},"modified":"2026-04-24T12:04:13","modified_gmt":"2026-04-24T09:04:13","slug":"eberlestock-modframe-dry-earth","status":"publish","type":"product","link":"https:\/\/nbg.eu\/de\/produkt\/eberlestock-modframe-dry-earth\/","title":{"rendered":"Eberlestock Modframe &#8211; Dry Earth"},"content":{"rendered":"<h2>Eberlestock Modframe<\/h2>\n<p>Der Eberlestock Modframe ist eine Jagdplattform der n\u00e4chsten Generation, die alles Gro\u00dfartige des Mainframe aufgreift und von Grund auf neu aufbaut. Dieses zweckbestimmte modulare Rahmensystem ist f\u00fcr ernsthafte Alpenj\u00e4ger konzipiert, die Leistung, Haltbarkeit und Flexibilit\u00e4t von ihrem Tragesystem verlangen.<\/p>\n<h3>Hauptmerkmale<\/h3>\n<ul>\n<li>Next-gen modular frame<\/li>\n<li>Alpine hunting platform<\/li>\n<li>Modular bag compatibility<\/li>\n<li>Standalone frame capability<\/li>\n<li>Adjustable torso<\/li>\n<li>Eberlestock Lifetime Warranty<\/li>\n<\/ul>\n<h3>Spezifikationen<\/h3>\n<table>\n<tr>\n<td><strong>Gewicht<\/strong><\/td>\n<td>4 lbs 8 oz<\/td>\n<\/tr>\n<tr>\n<td><strong>Abmessungen<\/strong><\/td>\n<td>26&#8243;H x 10&#8243;W<\/td>\n<\/tr>\n<tr>\n<td><strong>Artikelnummern<\/strong><\/td>\n<td>MO1ME (Dry Earth), MO1MJ (Military Green)<\/td>\n<\/tr>\n<tr>\n<td><strong>Hersteller<\/strong><\/td>\n<td>Eberlestock (Veteranenunternehmen)<\/td>\n<\/tr>\n<\/table>\n","protected":false},"excerpt":{"rendered":"<p>Der Eberlestock Modframe ist eine Jagdplattform der n\u00e4chsten Generation, die alles Gro\u00dfartige des Mainframe aufgreift und von Grund auf neu aufbaut. Dieses zweckbestimmte modulare Rahmensystem ist f\u00fcr ernsthafte Alpenj\u00e4ger konzipiert, die Leistung, Haltbarkeit und Flexibilit\u00e4t von ihrem Tragesystem verlangen.<\/p>\n","protected":false},"featured_media":750572,"template":"","meta":{"_acf_changed":false},"product_brand":[15152],"product_cat":[12051],"product_tag":[],"class_list":{"0":"post-750571","1":"product","2":"type-product","3":"status-publish","4":"has-post-thumbnail","6":"product_brand-eberlestock","7":"product_cat-rucksaecke","9":"first","10":"outofstock","11":"taxable","12":"shipping-taxable","13":"purchasable","14":"product-type-simple"},"acf":[],"_links":{"self":[{"href":"https:\/\/nbg.eu\/de\/wp-json\/wp\/v2\/product\/750571","targetHints":{"allow":["GET"]}}],"collection":[{"href":"https:\/\/nbg.eu\/de\/wp-json\/wp\/v2\/product"}],"about":[{"href":"https:\/\/nbg.eu\/de\/wp-json\/wp\/v2\/types\/product"}],"wp:featuredmedia":[{"embeddable":true,"href":"https:\/\/nbg.eu\/de\/wp-json\/wp\/v2\/media\/750572"}],"wp:attachment":[{"href":"https:\/\/nbg.eu\/de\/wp-json\/wp\/v2\/media?parent=750571"}],"wp:term":[{"taxonomy":"product_brand","embeddable":true,"href":"https:\/\/nbg.eu\/de\/wp-json\/wp\/v2\/product_brand?post=750571"},{"taxonomy":"product_cat","embeddable":true,"href":"https:\/\/nbg.eu\/de\/wp-json\/wp\/v2\/product_cat?post=750571"},{"taxonomy":"product_tag","embeddable":true,"href":"https:\/\/nbg.eu\/de\/wp-json\/wp\/v2\/product_tag?post=750571"}],"curies":[{"name":"wp","href":"https:\/\/api.w.org\/{rel}","templated":true}]}}

<h2>Eberlestock Modframe</h2>
<p>Der Eberlestock Modframe ist eine Jagdplattform der nächsten Generation, die alles Großartige des Mainframe aufgreift und von Grund auf neu aufbaut. Dieses zweckbestimmte modulare Rahmensystem ist für ernsthafte Alpenjäger konzipiert, die Leistung, Haltbarkeit und Flexibilität von ihrem Tragesystem verlangen.</p>
<h3>Hauptmerkmale</h3>
<ul>
<li>Next-gen modular frame</li>
<li>Alpine hunting platform</li>
<li>Modular bag compatibility</li>
<li>Standalone frame capability</li>
<li>Adjustable torso</li>
<li>Eberlestock Lifetime Warranty</li>
</ul>
<h3>Spezifikationen</h3>
<table>
<tr>
<td><strong>Gewicht</strong></td>
<td>4 lbs 8 oz</td>
</tr>
<tr>
<td><strong>Abmessungen</strong></td>
<td>26&#8243;H x 10&#8243;W</td>
</tr>
<tr>
<td><strong>Artikelnummern</strong></td>
<td>MO1ME (Dry Earth), MO1MJ (Military Green)</td>
</tr>
<tr>
<td><strong>Hersteller</strong></td>
<td>Eberlestock (Veteranenunternehmen)</td>
</tr>
</table>

<p>Der Eberlestock Modframe ist eine Jagdplattform der nächsten Generation, die alles Großartige des Mainframe aufgreift und von Grund auf neu aufbaut. Dieses zweckbestimmte modulare Rahmensystem ist für ernsthafte Alpenjäger konzipiert, die Leistung, Haltbarkeit und Flexibilität von ihrem Tragesystem verlangen.</p>
