{"id":697542,"date":"2025-12-22T17:34:47","date_gmt":"2025-12-22T14:34:47","guid":{"rendered":"https:\/\/nbg.eu\/product\/plahvatusrelvade-kaekott\/"},"modified":"2026-04-15T14:16:41","modified_gmt":"2026-04-15T11:16:41","slug":"plahvatusrelvade-kaekott","status":"publish","type":"product","link":"https:\/\/nbg.eu\/et\/toode\/plahvatusrelvade-kaekott\/","title":{"rendered":"Eberlestock Lasketiiru Kott Bang-Bang"},"content":{"rendered":"<h2>Bang-Bang relvakott<\/h2>\n<p>Bang Bang\u2122 lasti v\u00e4lja kompaktse relvakotina, et mahutada k\u00f5ik olulised t\u00f6\u00f6riistad ja kaitsta neid ilmastikutingimuste eest. Pol\u00fckarbonaatne p\u00f5hi kaitseb kotti m\u00e4rja pinnase, kivide, pr\u00fcgi ja relvatolmu eest.<\/p>\n<p>P\u00f5hiosakonnas on reguleeritavad, polsterdatud vaheseinad, et hoida meditsiinilisi esemeid, t\u00f6\u00f6riistu, fotoseadmeid ja relvavarustust ohutuks ja korrap\u00e4raseks. P\u00f5hjal olev sahtel on ideaalne k\u00e4sirelvade, t\u00f6\u00f6riistade v\u00f5i isegi kompaktse karab\u00fc\u00fcni jaoks.<\/p>\n<h2>M\u00f5\u00f5tmed<\/h2>\n<p>Maht: 2062,5 c.i. \/ 33,80L<br \/>\nKaal: 4 naela<br \/>\nM\u00f5\u00f5tmed: 10,25H x 21L x 10S<br \/>\nP\u00f5hjakambri tehnilised andmed 21,5&#8243; P x 9,5&#8243; L x 2&#8243; S<\/p>\n<h2>Omadused<\/h2>\n<ul>\n<li>Pol\u00fckarbonaatne p\u00f5hjakest<\/li>\n<li>Polsterdatud konfigureerimisv\u00f5imalusega p\u00f5hikamber<\/li>\n<li>Reguleeritav \u00f5larihm<\/li>\n<li>Kohandatavad korraldusvaheseined<\/li>\n<li>P\u00f5hjakamber kindla hoiustamise jaoks<\/li>\n<\/ul>\n","protected":false},"excerpt":{"rendered":"<p>B\u00e4\u00e4ng-B\u00e4\u00e4ng r\u00e4nnakuriistade kott on kompaktne, vastupidav kott pol\u00fckarbonaatp\u00f5hjaga ja konfigureeritava sisemuse, et kaitsta sinu olulist varustust.<\/p>\n","protected":false},"featured_media":697566,"template":"","meta":{"_acf_changed":false},"product_brand":[15148],"product_cat":[14011],"product_tag":[],"class_list":{"0":"post-697542","1":"product","2":"type-product","3":"status-publish","4":"has-post-thumbnail","6":"product_brand-eberlestock","7":"product_cat-laskekohtikotid","9":"first","10":"instock","11":"taxable","12":"shipping-taxable","13":"purchasable","14":"product-type-variable","15":"wvs-archive-product-wrapper"},"acf":[],"_links":{"self":[{"href":"https:\/\/nbg.eu\/et\/wp-json\/wp\/v2\/product\/697542","targetHints":{"allow":["GET"]}}],"collection":[{"href":"https:\/\/nbg.eu\/et\/wp-json\/wp\/v2\/product"}],"about":[{"href":"https:\/\/nbg.eu\/et\/wp-json\/wp\/v2\/types\/product"}],"wp:featuredmedia":[{"embeddable":true,"href":"https:\/\/nbg.eu\/et\/wp-json\/wp\/v2\/media\/697566"}],"wp:attachment":[{"href":"https:\/\/nbg.eu\/et\/wp-json\/wp\/v2\/media?parent=697542"}],"wp:term":[{"taxonomy":"product_brand","embeddable":true,"href":"https:\/\/nbg.eu\/et\/wp-json\/wp\/v2\/product_brand?post=697542"},{"taxonomy":"product_cat","embeddable":true,"href":"https:\/\/nbg.eu\/et\/wp-json\/wp\/v2\/product_cat?post=697542"},{"taxonomy":"product_tag","embeddable":true,"href":"https:\/\/nbg.eu\/et\/wp-json\/wp\/v2\/product_tag?post=697542"}],"curies":[{"name":"wp","href":"https:\/\/api.w.org\/{rel}","templated":true}]}}

<h2>Bang-Bang relvakott</h2>
<p>Bang Bang™ lasti välja kompaktse relvakotina, et mahutada kõik olulised tööriistad ja kaitsta neid ilmastikutingimuste eest. Polükarbonaatne põhi kaitseb kotti märja pinnase, kivide, prügi ja relvatolmu eest.</p>
<p>Põhiosakonnas on reguleeritavad, polsterdatud vaheseinad, et hoida meditsiinilisi esemeid, tööriistu, fotoseadmeid ja relvavarustust ohutuks ja korrapäraseks. Põhjal olev sahtel on ideaalne käsirelvade, tööriistade või isegi kompaktse karabüüni jaoks.</p>
<h2>Mõõtmed</h2>
<p>Maht: 2062,5 c.i. / 33,80L<br />
Kaal: 4 naela<br />
Mõõtmed: 10,25H x 21L x 10S<br />
Põhjakambri tehnilised andmed 21,5&#8243; P x 9,5&#8243; L x 2&#8243; S</p>
<h2>Omadused</h2>
<ul>
<li>Polükarbonaatne põhjakest</li>
<li>Polsterdatud konfigureerimisvõimalusega põhikamber</li>
<li>Reguleeritav õlarihm</li>
<li>Kohandatavad korraldusvaheseined</li>
<li>Põhjakamber kindla hoiustamise jaoks</li>
</ul>

<p>Bääng-Bääng rännakuriistade kott on kompaktne, vastupidav kott polükarbonaatpõhjaga ja konfigureeritava sisemuse, et kaitsta sinu olulist varustust.</p>
