{"id":698718,"date":"2025-12-22T17:51:28","date_gmt":"2025-12-22T14:51:28","guid":{"rendered":"https:\/\/nbg.eu\/product\/paquet-lodrag-ii\/"},"modified":"2026-04-15T14:19:59","modified_gmt":"2026-04-15T11:19:59","slug":"paquet-lodrag-ii","status":"publish","type":"product","link":"https:\/\/nbg.eu\/fr\/produit\/paquet-lodrag-ii\/","title":{"rendered":"Eberlestock Sac \u00e0 Dos LoDrag II"},"content":{"rendered":"<h2>X31 LoDrag II\u2122 Sac Tactique<\/h2>\n<p>Con\u00e7u pour \u00eatre un sac tactique tr\u00e8s fonctionnel et l\u00e9ger, ainsi que pour incorporer un fourreau de taille d&rsquo;arme tactique, le X31 LoDrag II\u2122 est devenu un incontournable dans le monde des carabines de pr\u00e9cision. \u00c0 l&rsquo;int\u00e9rieur du compartiment principal, le LoDrag II dispose d&rsquo;une \u00e9tag\u00e8re pliante pour s\u00e9parer l&rsquo;espace de chargement sup\u00e9rieur et inf\u00e9rieur et d&rsquo;un compartiment pour nos syst\u00e8mes d&rsquo;hydratation de 2L et 3L. Les sangles de compression lat\u00e9rales sont \u00e9quip\u00e9es de boucles HD 25 mm pour le d\u00e9gagement rapide d&rsquo;articles tels que les tr\u00e9pieds compress\u00e9s sur le c\u00f4t\u00e9 du sac.<\/p>\n<h2>Dimensions<\/h2>\n<p>Volume : 2290 c.i. \/ 37,5 L<br \/>\nPoids : 6,85 lb<br \/>\nDimensions : 22,5 H x 11 L x 11,75 P<br \/>\nDimensions du fourreau : 34&Prime; H x 10&Prime; L x 3 P<\/p>\n<h2>Caract\u00e9ristiques<\/h2>\n<ul>\n<li>Fourreau d&rsquo;arme tactique<\/li>\n<li>\u00c9tag\u00e8re pliante pour s\u00e9parer l&rsquo;espace de chargement sup\u00e9rieur et inf\u00e9rieur<\/li>\n<li>B\u00e2che de pluie incluse<\/li>\n<li>Compartiment pour syst\u00e8me d&rsquo;hydratation<\/li>\n<\/ul>\n","protected":false},"excerpt":{"rendered":"<p>Sac tactique l\u00e9ger avec fourreau de taille arme, \u00e9tag\u00e8re pliable et poche d&rsquo;hydratation.<\/p>\n","protected":false},"featured_media":698814,"template":"","meta":{"_acf_changed":false},"product_brand":[15151],"product_cat":[12137],"product_tag":[],"class_list":{"0":"post-698718","1":"product","2":"type-product","3":"status-publish","4":"has-post-thumbnail","6":"product_brand-eberlestock","7":"product_cat-sacs-a-dos","9":"first","10":"instock","11":"taxable","12":"shipping-taxable","13":"purchasable","14":"product-type-variable","15":"wvs-archive-product-wrapper"},"acf":[],"_links":{"self":[{"href":"https:\/\/nbg.eu\/fr\/wp-json\/wp\/v2\/product\/698718","targetHints":{"allow":["GET"]}}],"collection":[{"href":"https:\/\/nbg.eu\/fr\/wp-json\/wp\/v2\/product"}],"about":[{"href":"https:\/\/nbg.eu\/fr\/wp-json\/wp\/v2\/types\/product"}],"wp:featuredmedia":[{"embeddable":true,"href":"https:\/\/nbg.eu\/fr\/wp-json\/wp\/v2\/media\/698814"}],"wp:attachment":[{"href":"https:\/\/nbg.eu\/fr\/wp-json\/wp\/v2\/media?parent=698718"}],"wp:term":[{"taxonomy":"product_brand","embeddable":true,"href":"https:\/\/nbg.eu\/fr\/wp-json\/wp\/v2\/product_brand?post=698718"},{"taxonomy":"product_cat","embeddable":true,"href":"https:\/\/nbg.eu\/fr\/wp-json\/wp\/v2\/product_cat?post=698718"},{"taxonomy":"product_tag","embeddable":true,"href":"https:\/\/nbg.eu\/fr\/wp-json\/wp\/v2\/product_tag?post=698718"}],"curies":[{"name":"wp","href":"https:\/\/api.w.org\/{rel}","templated":true}]}}

Eberlestock Sac à Dos LoDrag II

<h2>X31 LoDrag II™ Sac Tactique</h2>
<p>Conçu pour être un sac tactique très fonctionnel et léger, ainsi que pour incorporer un fourreau de taille d&rsquo;arme tactique, le X31 LoDrag II™ est devenu un incontournable dans le monde des carabines de précision. À l&rsquo;intérieur du compartiment principal, le LoDrag II dispose d&rsquo;une étagère pliante pour séparer l&rsquo;espace de chargement supérieur et inférieur et d&rsquo;un compartiment pour nos systèmes d&rsquo;hydratation de 2L et 3L. Les sangles de compression latérales sont équipées de boucles HD 25 mm pour le dégagement rapide d&rsquo;articles tels que les trépieds compressés sur le côté du sac.</p>
<h2>Dimensions</h2>
<p>Volume : 2290 c.i. / 37,5 L<br />
Poids : 6,85 lb<br />
Dimensions : 22,5 H x 11 L x 11,75 P<br />
Dimensions du fourreau : 34&Prime; H x 10&Prime; L x 3 P</p>
<h2>Caractéristiques</h2>
<ul>
<li>Fourreau d&rsquo;arme tactique</li>
<li>Étagère pliante pour séparer l&rsquo;espace de chargement supérieur et inférieur</li>
<li>Bâche de pluie incluse</li>
<li>Compartiment pour système d&rsquo;hydratation</li>
</ul>

<p>Sac tactique léger avec fourreau de taille arme, étagère pliable et poche d&rsquo;hydratation.</p>
