{"id":751466,"date":"2026-04-24T11:17:58","date_gmt":"2026-04-24T08:17:58","guid":{"rendered":"https:\/\/nbg.eu\/product\/eberlestock-p12-knee-pad-komplet-od-2\/"},"modified":"2026-04-24T12:08:30","modified_gmt":"2026-04-24T09:08:30","slug":"eberlestock-p12-knee-pad-komplet-od-2","status":"publish","type":"product","link":"https:\/\/nbg.eu\/hr\/proizvod\/eberlestock-p12-knee-pad-komplet-od-2\/","title":{"rendered":"Eberlestock P12 Knee Pad Komplet od 2"},"content":{"rendered":"<h2>Eberlestock P12 Knee Pad Komplet od 2<\/h2>\n<p>Eberlestock P12 Knee Pad Set pru\u017ea osnovnu za\u0161titu koljena za dugotrajne terenske operacije, polo\u017eaje za pucanje i takti\u010dke primjene. Prodaje se kao komplet od dva komada, ovi \u0161titnici za koljena dizajnirani su za integraciju s kompatibilnim Eberlestock hla\u010dama i opremom, nude\u0107i laganu za\u0161titu od udaraca i udobnost kada je najpotrebnije.<\/p>\n<h3>Klju\u010dne zna\u010dajke<\/h3>\n<ul>\n<li>Set of 2 knee pads<\/li>\n<li>Eberlestock pants compatible<\/li>\n<li>Lightweight construction<\/li>\n<li>Impact-absorbing foam<\/li>\n<li>Ergonomic design<\/li>\n<li>Eberlestock Lifetime Warranty<\/li>\n<\/ul>\n<h3>Specifikacije<\/h3>\n<table>\n<tr>\n<td><strong>Koli\u010dina<\/strong><\/td>\n<td>2<\/td>\n<\/tr>\n<tr>\n<td><strong>Kompatibilnost<\/strong><\/td>\n<td>Eberlestock tactical pants<\/td>\n<\/tr>\n<tr>\n<td><strong>Proizvo\u0111a\u010d<\/strong><\/td>\n<td>Eberlestock (Veteranska tvrtka)<\/td>\n<\/tr>\n<\/table>\n","protected":false},"excerpt":{"rendered":"<p>Eberlestock P12 Knee Pad Set pru\u017ea osnovnu za\u0161titu koljena za dugotrajne terenske operacije, polo\u017eaje za pucanje i takti\u010dke primjene. Prodaje se kao komplet od dva komada, ovi \u0161titnici za koljena dizajnirani su za integraciju s kompatibilnim Eberlestock hla\u010dama i opremom, nude\u0107i laganu za\u0161titu od udaraca i udobnost kada je najpotrebnije.<\/p>\n","protected":false},"featured_media":751550,"template":"","meta":{"_acf_changed":false},"product_brand":[15140],"product_cat":[13577],"product_tag":[],"class_list":{"0":"post-751466","1":"product","2":"type-product","3":"status-publish","4":"has-post-thumbnail","6":"product_brand-eberlestock","7":"product_cat-oprema","9":"first","10":"instock","11":"taxable","12":"shipping-taxable","13":"purchasable","14":"product-type-simple"},"acf":[],"_links":{"self":[{"href":"https:\/\/nbg.eu\/hr\/wp-json\/wp\/v2\/product\/751466","targetHints":{"allow":["GET"]}}],"collection":[{"href":"https:\/\/nbg.eu\/hr\/wp-json\/wp\/v2\/product"}],"about":[{"href":"https:\/\/nbg.eu\/hr\/wp-json\/wp\/v2\/types\/product"}],"wp:featuredmedia":[{"embeddable":true,"href":"https:\/\/nbg.eu\/hr\/wp-json\/wp\/v2\/media\/751550"}],"wp:attachment":[{"href":"https:\/\/nbg.eu\/hr\/wp-json\/wp\/v2\/media?parent=751466"}],"wp:term":[{"taxonomy":"product_brand","embeddable":true,"href":"https:\/\/nbg.eu\/hr\/wp-json\/wp\/v2\/product_brand?post=751466"},{"taxonomy":"product_cat","embeddable":true,"href":"https:\/\/nbg.eu\/hr\/wp-json\/wp\/v2\/product_cat?post=751466"},{"taxonomy":"product_tag","embeddable":true,"href":"https:\/\/nbg.eu\/hr\/wp-json\/wp\/v2\/product_tag?post=751466"}],"curies":[{"name":"wp","href":"https:\/\/api.w.org\/{rel}","templated":true}]}}

<h2>Eberlestock P12 Knee Pad Komplet od 2</h2>
<p>Eberlestock P12 Knee Pad Set pruža osnovnu zaštitu koljena za dugotrajne terenske operacije, položaje za pucanje i taktičke primjene. Prodaje se kao komplet od dva komada, ovi štitnici za koljena dizajnirani su za integraciju s kompatibilnim Eberlestock hlačama i opremom, nudeći laganu zaštitu od udaraca i udobnost kada je najpotrebnije.</p>
<h3>Ključne značajke</h3>
<ul>
<li>Set of 2 knee pads</li>
<li>Eberlestock pants compatible</li>
<li>Lightweight construction</li>
<li>Impact-absorbing foam</li>
<li>Ergonomic design</li>
<li>Eberlestock Lifetime Warranty</li>
</ul>
<h3>Specifikacije</h3>
<table>
<tr>
<td><strong>Količina</strong></td>
<td>2</td>
</tr>
<tr>
<td><strong>Kompatibilnost</strong></td>
<td>Eberlestock tactical pants</td>
</tr>
<tr>
<td><strong>Proizvođač</strong></td>
<td>Eberlestock (Veteranska tvrtka)</td>
</tr>
</table>

<p>Eberlestock P12 Knee Pad Set pruža osnovnu zaštitu koljena za dugotrajne terenske operacije, položaje za pucanje i taktičke primjene. Prodaje se kao komplet od dva komada, ovi štitnici za koljena dizajnirani su za integraciju s kompatibilnim Eberlestock hlačama i opremom, nudeći laganu zaštitu od udaraca i udobnost kada je najpotrebnije.</p>
