{"id":699662,"date":"2025-12-22T18:02:07","date_gmt":"2025-12-22T15:02:07","guid":{"rendered":"https:\/\/nbg.eu\/product\/bino-esovedo\/"},"modified":"2026-04-15T14:25:05","modified_gmt":"2026-04-15T11:25:05","slug":"bino-esovedo","status":"publish","type":"product","link":"https:\/\/nbg.eu\/hu\/termek\/bino-esovedo\/","title":{"rendered":"Eberlestock T\u00e1vcs\u0151 Es\u0151v\u00e9d\u0151 Recon"},"content":{"rendered":"<h2>Bino Rain Fly: Kompakt \u00e9s k\u00f6nny\u0171 v\u00e9delem az optik\u00e1dnak<\/h2>\n<p>A Bino Rain Fly egy sokoldal\u00fa \u00e9s kompakt megold\u00e1s, hogy sz\u00e1razon \u00e9s v\u00e9dve tartsd a t\u00e1vcs\u00f6vedet az elemekt\u0151l. \u00dagy tervezt\u00e9k, hogy z\u00f6kken\u0151mentesen illeszkedjen a Recon Bino Harness-hez, \u00e9s megb\u00edzhat\u00f3 lefedetts\u00e9get \u00e9s k\u00e9nyelmet ny\u00fajtson.<\/p>\n<p>Tart\u00f3s, k\u00f6nny\u0171 anyagokb\u00f3l k\u00e9sz\u00fclt, \u00e9s a mell\u00e9kelt h\u00fcvelybe \u00f6sszehajtva k\u00f6nny\u0171 hordani \u00e9s el\u00e9rni, amikor sz\u00fcks\u00e9ged van r\u00e1. A 10mm-es Hangar sz\u00edj lehet\u0151v\u00e9 teszi, hogy biztons\u00e1gosan r\u00f6gz\u00edtsd a t\u00e1vcs\u00f6veidet, \u00edgy megv\u00e9dheted \u0151ket az es\u0151t\u0151l, h\u00f3t\u00f3l \u00e9s m\u00e1s id\u0151j\u00e1r\u00e1si k\u00f6r\u00fclm\u00e9nyekt\u0151l.<\/p>\n<p>Teljes lefedetts\u00e9gi kialak\u00edt\u00e1s\u00e1nak k\u00f6sz\u00f6nhet\u0151en a Bino Rain Fly teljesen burkolja a Recon Bino Harness-t, \u00e1tfog\u00f3 v\u00e9delmet ny\u00fajtva az optik\u00e1dnak. \u00d6sszpontos\u00edthatsz a k\u00fclt\u00e9ri kalandokra, an\u00e9lk\u00fcl, hogy agg\u00f3dnod kellene amiatt, hogy az elemek rontanak a l\u00e1t\u00e1si \u00e9lm\u00e9nyen.<\/p>\n<p>Ak\u00e1r mad\u00e1rmegfigyel\u00e9sr\u0151l, vad\u00e1szatr\u00f3l vagy a term\u00e9szet felfedez\u00e9s\u00e9r\u0151l van sz\u00f3, a Bino Rain Fly n\u00e9lk\u00fcl\u00f6zhetetlen kieg\u00e9sz\u00edt\u0151 a t\u00e1vcs\u00f6ved sz\u00e1razon \u00e9s j\u00f3 \u00e1llapotban tart\u00e1s\u00e1hoz. Kompakt, k\u00f6nny\u0171 \u00e9s egyszer\u0171 haszn\u00e1lni, t\u00f6k\u00e9letes t\u00e1rsa b\u00e1rmely term\u00e9szetj\u00e1r\u00f3nak.<\/p>\n","protected":false},"excerpt":{"rendered":"<p>Kompakt, k\u00f6nny\u0171 es\u0151v\u00e9d\u0151, amely megv\u00e9di a Recon Bino Harnessed.<\/p>\n","protected":false},"featured_media":700023,"template":"","meta":{"_acf_changed":false},"product_brand":[15149],"product_cat":[15222],"product_tag":[],"class_list":{"0":"post-699662","1":"product","2":"type-product","3":"status-publish","4":"has-post-thumbnail","6":"product_brand-eberlestock","7":"product_cat-binocular-harnesses-hu","9":"first","10":"instock","11":"taxable","12":"shipping-taxable","13":"purchasable","14":"product-type-variable","15":"wvs-archive-product-wrapper"},"acf":[],"_links":{"self":[{"href":"https:\/\/nbg.eu\/hu\/wp-json\/wp\/v2\/product\/699662","targetHints":{"allow":["GET"]}}],"collection":[{"href":"https:\/\/nbg.eu\/hu\/wp-json\/wp\/v2\/product"}],"about":[{"href":"https:\/\/nbg.eu\/hu\/wp-json\/wp\/v2\/types\/product"}],"wp:featuredmedia":[{"embeddable":true,"href":"https:\/\/nbg.eu\/hu\/wp-json\/wp\/v2\/media\/700023"}],"wp:attachment":[{"href":"https:\/\/nbg.eu\/hu\/wp-json\/wp\/v2\/media?parent=699662"}],"wp:term":[{"taxonomy":"product_brand","embeddable":true,"href":"https:\/\/nbg.eu\/hu\/wp-json\/wp\/v2\/product_brand?post=699662"},{"taxonomy":"product_cat","embeddable":true,"href":"https:\/\/nbg.eu\/hu\/wp-json\/wp\/v2\/product_cat?post=699662"},{"taxonomy":"product_tag","embeddable":true,"href":"https:\/\/nbg.eu\/hu\/wp-json\/wp\/v2\/product_tag?post=699662"}],"curies":[{"name":"wp","href":"https:\/\/api.w.org\/{rel}","templated":true}]}}

Eberlestock Távcső Esővédő Recon

<h2>Bino Rain Fly: Kompakt és könnyű védelem az optikádnak</h2>
<p>A Bino Rain Fly egy sokoldalú és kompakt megoldás, hogy szárazon és védve tartsd a távcsövedet az elemektől. Úgy tervezték, hogy zökkenőmentesen illeszkedjen a Recon Bino Harness-hez, és megbízható lefedettséget és kényelmet nyújtson.</p>
<p>Tartós, könnyű anyagokból készült, és a mellékelt hüvelybe összehajtva könnyű hordani és elérni, amikor szükséged van rá. A 10mm-es Hangar szíj lehetővé teszi, hogy biztonságosan rögzítsd a távcsöveidet, így megvédheted őket az esőtől, hótól és más időjárási körülményektől.</p>
<p>Teljes lefedettségi kialakításának köszönhetően a Bino Rain Fly teljesen burkolja a Recon Bino Harness-t, átfogó védelmet nyújtva az optikádnak. Összpontosíthatsz a kültéri kalandokra, anélkül, hogy aggódnod kellene amiatt, hogy az elemek rontanak a látási élményen.</p>
<p>Akár madármegfigyelésről, vadászatról vagy a természet felfedezéséről van szó, a Bino Rain Fly nélkülözhetetlen kiegészítő a távcsöved szárazon és jó állapotban tartásához. Kompakt, könnyű és egyszerű használni, tökéletes társa bármely természetjárónak.</p>

<p>Kompakt, könnyű esővédő, amely megvédi a Recon Bino Harnessed.</p>
