{"id":723261,"date":"2026-03-06T17:34:43","date_gmt":"2026-03-06T14:34:43","guid":{"rendered":"https:\/\/nbg.eu\/product\/eberlestock-w2-spectre\/"},"modified":"2026-04-15T14:24:16","modified_gmt":"2026-04-15T11:24:16","slug":"eberlestock-w2-spectre","status":"publish","type":"product","link":"https:\/\/nbg.eu\/hu\/termek\/eberlestock-w2-spectre\/","title":{"rendered":"Eberlestock W2-Spectre"},"content":{"rendered":"<h2>Eberlestock W2-Spectre<\/h2>\n<p>A Spectre az Eberlestock leg\u00faj\u00edt\u00f3bb \u00e9s legsokoldal\u00fabb mesterl\u00f6v\u00e9sz h\u00e1tizs\u00e1kja, amely \u00fajradefini\u00e1lja a prec\u00edzi\u00f3s fegyverrendszerek hordoz\u00e1s\u00e1nak m\u00f3dj\u00e1t. A szabadalmi bejegyz\u00e9s alatt \u00e1ll\u00f3 RAID\u2122 h\u00fcvellyel felszerelve \u2014 p\u00e1rn\u00e1zott z\u00e1rt h\u00fcvellyel, amely \u00f6sszecsukhat\u00f3 v\u00e1zas pusk\u00e1kra, felcsatolhat\u00f3 \u00e9jjell\u00e1t\u00f3 \u00e9s h\u0151kamer\u00e1s egys\u00e9gekre, valamint fegyverre szerelt l\u00e9zeres t\u00e1vm\u00e9r\u0151kre van optimaliz\u00e1lva.<\/p>\n<h3>Kifejezetten modern platformokhoz tervezve<\/h3>\n<p>A Spectre sz\u00e9lesebb profillal rendelkezik, amelyet kifejezetten a mai nagyobb prec\u00edzi\u00f3s fegyverplatformokhoz terveztek modern kieg\u00e9sz\u00edt\u0151kkel. A kialak\u00edt\u00e1s gyors, hat\u00e9kony hozz\u00e1f\u00e9r\u00e9st biztos\u00edt a puska kiv\u00e9tel\u00e9hez vagy elhelyez\u00e9s\u00e9hez, kik\u00fcsz\u00f6b\u00f6lve a hagyom\u00e1nyos h\u00fcvelyes rendszerek neh\u00e9zkess\u00e9g\u00e9t.<\/p>\n<h3>Professzion\u00e1lis hordoz\u00f3rendszer<\/h3>\n<p>Bels\u0151 v\u00e1z az \u00faj Ladder Shoulder Harness rendszerrel \u00e9s tov\u00e1bbfejlesztett cs\u00edp\u0151\u00f6vvel p\u00e1ros\u00edtva \u00e9rezhet\u0151 javul\u00e1st hoz illeszked\u00e9sben, k\u00e9nyelemben \u00e9s terhel\u00e9seloszt\u00e1sban. A fels\u0151testhez igaz\u00edtva a Spectre z\u00f6kken\u0151mentesen m\u0171k\u00f6dik taktikai \u00f6vekkel \u00e9s lemezvisel\u0151kkel, fenntartva a hozz\u00e1f\u00e9r\u00e9st a kritikus felszerel\u00e9shez a test\u00e9n.<\/p>\n<h3>Terepi tapasztalatokon alapul\u00f3 design<\/h3>\n<p>K\u00f6zvetlen\u00fcl a terepen dolgoz\u00f3 szakemberek visszajelz\u00e9sei alapj\u00e1n tervezve, a Spectre t\u00f6bb hordoz\u00f3f\u00fcllel rendelkezik: kett\u0151 fel\u00fcl, egy-egy mindk\u00e9t oldalon \u00e9s egy tart\u00f3s Hypalon f\u00fcl el\u00f6l. Ak\u00e1r l\u00e9tr\u00e1n m\u00e1szik, alacsony k\u00fasz\u00e1ssal halad n\u00f6v\u00e9nyzeten \u00e1t, vagy nyom\u00e1s alatt helyezkedik \u00e1t, hat\u00e9konyan man\u0151verezheti a h\u00e1tizs\u00e1kot b\u00e1rmely poz\u00edci\u00f3b\u00f3l.<\/p>\n<table>\n<thead>\n<tr>\n<th>Specifik\u00e1ci\u00f3<\/th>\n<th>R\u00e9szlet<\/th>\n<\/tr>\n<\/thead>\n<tbody>\n<tr>\n<td>H\u00fcvely<\/td>\n<td>RAID\u2122 szabadalmi bejegyz\u00e9s alatt \u00e1ll\u00f3 z\u00e1rt h\u00fcvely<\/td>\n<\/tr>\n<tr>\n<td>V\u00e1z<\/td>\n<td>Bels\u0151 v\u00e1z<\/td>\n<\/tr>\n<tr>\n<td>Heveder<\/td>\n<td>Ladder Shoulder Harness<\/td>\n<\/tr>\n<tr>\n<td>Hordoz\u00f3 f\u00fclek<\/td>\n<td>5 (2 fels\u0151, 2 oldals\u00f3, 1 el\u00fcls\u0151 Hypalon)<\/td>\n<\/tr>\n<tr>\n<td>Kompatibilit\u00e1s<\/td>\n<td>Taktikai \u00f6vek, lemezvisel\u0151k<\/td>\n<\/tr>\n<tr>\n<td>Optimaliz\u00e1lva<\/td>\n<td>\u00d6sszecsukhat\u00f3 v\u00e1zak, NV\/h\u0151kamera clip-on egys\u00e9gek, LRF-ek<\/td>\n<\/tr>\n<\/tbody>\n<\/table>\n","protected":false},"excerpt":{"rendered":"<p>Az Eberlestock W2-Spectre egy c\u00e9lzottan tervezett mesterl\u00f6v\u00e9sz h\u00e1tizs\u00e1k a szabadalmaztatott RAID\u2122 tokkal, amely \u00f6sszecsukhat\u00f3 puskav\u00e1zakra, felcsatolhat\u00f3 \u00e9jjell\u00e1t\u00f3kra, h\u0151kamer\u00e1kra \u00e9s fegyverszerelt l\u00e9zert\u00e1vm\u00e9r\u0151kre van optimaliz\u00e1lva. Bels\u0151 v\u00e1z Ladder Shoulder Harness rendszerrel.<\/p>\n","protected":false},"featured_media":723262,"template":"","meta":{"_acf_changed":false},"product_brand":[15149],"product_cat":[12975,12911],"product_tag":[],"class_list":{"0":"post-723261","1":"product","2":"type-product","3":"status-publish","4":"has-post-thumbnail","6":"product_brand-eberlestock","7":"product_cat-felszereles","8":"product_cat-hatizsakok","10":"first","11":"instock","12":"taxable","13":"shipping-taxable","14":"purchasable","15":"product-type-variable","16":"wvs-archive-product-wrapper"},"acf":[],"_links":{"self":[{"href":"https:\/\/nbg.eu\/hu\/wp-json\/wp\/v2\/product\/723261","targetHints":{"allow":["GET"]}}],"collection":[{"href":"https:\/\/nbg.eu\/hu\/wp-json\/wp\/v2\/product"}],"about":[{"href":"https:\/\/nbg.eu\/hu\/wp-json\/wp\/v2\/types\/product"}],"wp:featuredmedia":[{"embeddable":true,"href":"https:\/\/nbg.eu\/hu\/wp-json\/wp\/v2\/media\/723262"}],"wp:attachment":[{"href":"https:\/\/nbg.eu\/hu\/wp-json\/wp\/v2\/media?parent=723261"}],"wp:term":[{"taxonomy":"product_brand","embeddable":true,"href":"https:\/\/nbg.eu\/hu\/wp-json\/wp\/v2\/product_brand?post=723261"},{"taxonomy":"product_cat","embeddable":true,"href":"https:\/\/nbg.eu\/hu\/wp-json\/wp\/v2\/product_cat?post=723261"},{"taxonomy":"product_tag","embeddable":true,"href":"https:\/\/nbg.eu\/hu\/wp-json\/wp\/v2\/product_tag?post=723261"}],"curies":[{"name":"wp","href":"https:\/\/api.w.org\/{rel}","templated":true}]}}

<h2>Eberlestock W2-Spectre</h2>
<p>A Spectre az Eberlestock legújítóbb és legsokoldalúbb mesterlövész hátizsákja, amely újradefiniálja a precíziós fegyverrendszerek hordozásának módját. A szabadalmi bejegyzés alatt álló RAID™ hüvellyel felszerelve — párnázott zárt hüvellyel, amely összecsukható vázas puskákra, felcsatolható éjjellátó és hőkamerás egységekre, valamint fegyverre szerelt lézeres távmérőkre van optimalizálva.</p>
<h3>Kifejezetten modern platformokhoz tervezve</h3>
<p>A Spectre szélesebb profillal rendelkezik, amelyet kifejezetten a mai nagyobb precíziós fegyverplatformokhoz terveztek modern kiegészítőkkel. A kialakítás gyors, hatékony hozzáférést biztosít a puska kivételéhez vagy elhelyezéséhez, kiküszöbölve a hagyományos hüvelyes rendszerek nehézkességét.</p>
<h3>Professzionális hordozórendszer</h3>
<p>Belső váz az új Ladder Shoulder Harness rendszerrel és továbbfejlesztett csípőövvel párosítva érezhető javulást hoz illeszkedésben, kényelemben és terheléselosztásban. A felsőtesthez igazítva a Spectre zökkenőmentesen működik taktikai övekkel és lemezviselőkkel, fenntartva a hozzáférést a kritikus felszereléshez a testén.</p>
<h3>Terepi tapasztalatokon alapuló design</h3>
<p>Közvetlenül a terepen dolgozó szakemberek visszajelzései alapján tervezve, a Spectre több hordozófüllel rendelkezik: kettő felül, egy-egy mindkét oldalon és egy tartós Hypalon fül elöl. Akár létrán mászik, alacsony kúszással halad növényzeten át, vagy nyomás alatt helyezkedik át, hatékonyan manőverezheti a hátizsákot bármely pozícióból.</p>
<table>
<thead>
<tr>
<th>Specifikáció</th>
<th>Részlet</th>
</tr>
</thead>
<tbody>
<tr>
<td>Hüvely</td>
<td>RAID™ szabadalmi bejegyzés alatt álló zárt hüvely</td>
</tr>
<tr>
<td>Váz</td>
<td>Belső váz</td>
</tr>
<tr>
<td>Heveder</td>
<td>Ladder Shoulder Harness</td>
</tr>
<tr>
<td>Hordozó fülek</td>
<td>5 (2 felső, 2 oldalsó, 1 elülső Hypalon)</td>
</tr>
<tr>
<td>Kompatibilitás</td>
<td>Taktikai övek, lemezviselők</td>
</tr>
<tr>
<td>Optimalizálva</td>
<td>Összecsukható vázak, NV/hőkamera clip-on egységek, LRF-ek</td>
</tr>
</tbody>
</table>

<p>Az Eberlestock W2-Spectre egy célzottan tervezett mesterlövész hátizsák a szabadalmaztatott RAID™ tokkal, amely összecsukható puskavázakra, felcsatolható éjjellátókra, hőkamerákra és fegyverszerelt lézertávmérőkre van optimalizálva. Belső váz Ladder Shoulder Harness rendszerrel.</p>
