{"id":749968,"date":"2026-04-24T11:17:42","date_gmt":"2026-04-24T08:17:42","guid":{"rendered":"https:\/\/nbg.eu\/product\/eberlestock-mission-ruck-multicam\/"},"modified":"2026-04-24T12:01:35","modified_gmt":"2026-04-24T09:01:35","slug":"eberlestock-mission-ruck-multicam","status":"publish","type":"product","link":"https:\/\/nbg.eu\/hu\/termek\/eberlestock-mission-ruck-multicam\/","title":{"rendered":"Eberlestock Mission Ruck &#8211; Multicam"},"content":{"rendered":"<h2>Eberlestock Mission Ruck<\/h2>\n<p>Tart\u00f3s terepi m\u0171veletekre tervezve, az Eberlestock Mission Ruck z\u00f6kken\u0151mentesen integr\u00e1l\u00f3dik a teljes Eberlestock Mission System rendszerbe. Ez a konfigur\u00e1lhat\u00f3, MOLLE-kompatibilis h\u00e1tizs\u00e1k 4834 k\u00f6bh\u00fcvelyk t\u00e9rfogattal rendelkezik, \u00e9s a legig\u00e9nyesebb taktikai \u00e9s katonai misszi\u00f3kra tervezt\u00e9k, mik\u00f6zben egy \u00e9letre sz\u00f3l\u00f3 tart\u00f3ss\u00e1gra \u00e9p\u00edtett\u00e9k.<\/p>\n<h3>F\u0151bb jellemz\u0151k<\/h3>\n<ul>\n<li>4834 c.i. internal volume<\/li>\n<li>Full MOLLE\/PALS compatibility<\/li>\n<li>Mission System integration<\/li>\n<li>Configurable design<\/li>\n<li>Padded shoulder straps and hip belt<\/li>\n<li>Eberlestock Lifetime Warranty<\/li>\n<\/ul>\n<h3>Specifik\u00e1ci\u00f3k<\/h3>\n<table>\n<tr>\n<td><strong>T\u00e9rfogat<\/strong><\/td>\n<td>4834 c.i.<\/td>\n<\/tr>\n<tr>\n<td><strong>S\u00faly<\/strong><\/td>\n<td>3 lbs 5 oz<\/td>\n<\/tr>\n<tr>\n<td><strong>M\u00e9retek<\/strong><\/td>\n<td>36&#8243;H x 12&#8243;W x 8.5&#8243;D<\/td>\n<\/tr>\n<tr>\n<td><strong>Cikksz\u00e1mok<\/strong><\/td>\n<td>MR1MM (Multicam), MR1MC (Coyote Brown), MR1MJ (Military Green)<\/td>\n<\/tr>\n<tr>\n<td><strong>Gy\u00e1rt\u00f3<\/strong><\/td>\n<td>Eberlestock (Veter\u00e1n tulajdon\u00fa v\u00e1llalat)<\/td>\n<\/tr>\n<\/table>\n","protected":false},"excerpt":{"rendered":"<p>Tart\u00f3s terepi m\u0171veletekre tervezve, az Eberlestock Mission Ruck z\u00f6kken\u0151mentesen integr\u00e1l\u00f3dik a teljes Eberlestock Mission System rendszerbe. Ez a konfigur\u00e1lhat\u00f3, MOLLE-kompatibilis h\u00e1tizs\u00e1k 4834 k\u00f6bh\u00fcvelyk t\u00e9rfogattal rendelkezik, \u00e9s a legig\u00e9nyesebb taktikai \u00e9s katonai misszi\u00f3kra tervezt\u00e9k, mik\u00f6zben egy \u00e9letre sz\u00f3l\u00f3 tart\u00f3ss\u00e1gra \u00e9p\u00edtett\u00e9k.<\/p>\n","protected":false},"featured_media":749969,"template":"","meta":{"_acf_changed":false},"product_brand":[15149],"product_cat":[12911],"product_tag":[],"class_list":{"0":"post-749968","1":"product","2":"type-product","3":"status-publish","4":"has-post-thumbnail","6":"product_brand-eberlestock","7":"product_cat-hatizsakok","9":"first","10":"outofstock","11":"taxable","12":"shipping-taxable","13":"purchasable","14":"product-type-simple"},"acf":[],"_links":{"self":[{"href":"https:\/\/nbg.eu\/hu\/wp-json\/wp\/v2\/product\/749968","targetHints":{"allow":["GET"]}}],"collection":[{"href":"https:\/\/nbg.eu\/hu\/wp-json\/wp\/v2\/product"}],"about":[{"href":"https:\/\/nbg.eu\/hu\/wp-json\/wp\/v2\/types\/product"}],"wp:featuredmedia":[{"embeddable":true,"href":"https:\/\/nbg.eu\/hu\/wp-json\/wp\/v2\/media\/749969"}],"wp:attachment":[{"href":"https:\/\/nbg.eu\/hu\/wp-json\/wp\/v2\/media?parent=749968"}],"wp:term":[{"taxonomy":"product_brand","embeddable":true,"href":"https:\/\/nbg.eu\/hu\/wp-json\/wp\/v2\/product_brand?post=749968"},{"taxonomy":"product_cat","embeddable":true,"href":"https:\/\/nbg.eu\/hu\/wp-json\/wp\/v2\/product_cat?post=749968"},{"taxonomy":"product_tag","embeddable":true,"href":"https:\/\/nbg.eu\/hu\/wp-json\/wp\/v2\/product_tag?post=749968"}],"curies":[{"name":"wp","href":"https:\/\/api.w.org\/{rel}","templated":true}]}}

<h2>Eberlestock Mission Ruck</h2>
<p>Tartós terepi műveletekre tervezve, az Eberlestock Mission Ruck zökkenőmentesen integrálódik a teljes Eberlestock Mission System rendszerbe. Ez a konfigurálható, MOLLE-kompatibilis hátizsák 4834 köbhüvelyk térfogattal rendelkezik, és a legigényesebb taktikai és katonai missziókra tervezték, miközben egy életre szóló tartósságra építették.</p>
<h3>Főbb jellemzők</h3>
<ul>
<li>4834 c.i. internal volume</li>
<li>Full MOLLE/PALS compatibility</li>
<li>Mission System integration</li>
<li>Configurable design</li>
<li>Padded shoulder straps and hip belt</li>
<li>Eberlestock Lifetime Warranty</li>
</ul>
<h3>Specifikációk</h3>
<table>
<tr>
<td><strong>Térfogat</strong></td>
<td>4834 c.i.</td>
</tr>
<tr>
<td><strong>Súly</strong></td>
<td>3 lbs 5 oz</td>
</tr>
<tr>
<td><strong>Méretek</strong></td>
<td>36&#8243;H x 12&#8243;W x 8.5&#8243;D</td>
</tr>
<tr>
<td><strong>Cikkszámok</strong></td>
<td>MR1MM (Multicam), MR1MC (Coyote Brown), MR1MJ (Military Green)</td>
</tr>
<tr>
<td><strong>Gyártó</strong></td>
<td>Eberlestock (Veterán tulajdonú vállalat)</td>
</tr>
</table>

<p>Tartós terepi műveletekre tervezve, az Eberlestock Mission Ruck zökkenőmentesen integrálódik a teljes Eberlestock Mission System rendszerbe. Ez a konfigurálható, MOLLE-kompatibilis hátizsák 4834 köbhüvelyk térfogattal rendelkezik, és a legigényesebb taktikai és katonai missziókra tervezték, miközben egy életre szóló tartósságra építették.</p>
