{"id":750589,"date":"2026-04-24T11:17:48","date_gmt":"2026-04-24T08:17:48","guid":{"rendered":"https:\/\/nbg.eu\/product\/eberlestock-modframe-dry-earth\/"},"modified":"2026-04-24T12:04:18","modified_gmt":"2026-04-24T09:04:18","slug":"eberlestock-modframe-dry-earth","status":"publish","type":"product","link":"https:\/\/nbg.eu\/hu\/termek\/eberlestock-modframe-dry-earth\/","title":{"rendered":"Eberlestock Modframe &#8211; Dry Earth"},"content":{"rendered":"<h2>Eberlestock Modframe<\/h2>\n<p>Az Eberlestock Modframe egy k\u00f6vetkez\u0151 gener\u00e1ci\u00f3s vad\u00e1szplatform, amely \u00e1tveszi a Mainframe minden kiv\u00e1l\u00f3s\u00e1g\u00e1t \u00e9s az alapokt\u00f3l \u00fajj\u00e1\u00e9p\u00edti azt. Ez a c\u00e9lzottan tervezett modul\u00e1ris v\u00e1zrendszer komoly alpesi vad\u00e1szoknak k\u00e9sz\u00fclt, akik teljes\u00edtm\u00e9nyt, tart\u00f3ss\u00e1got \u00e9s rugalmass\u00e1got k\u00f6vetelnek hordoz\u00f3rendszer\u00fckt\u0151l.<\/p>\n<h3>F\u0151bb jellemz\u0151k<\/h3>\n<ul>\n<li>Next-gen modular frame<\/li>\n<li>Alpine hunting platform<\/li>\n<li>Modular bag compatibility<\/li>\n<li>Standalone frame capability<\/li>\n<li>Adjustable torso<\/li>\n<li>Eberlestock Lifetime Warranty<\/li>\n<\/ul>\n<h3>Specifik\u00e1ci\u00f3k<\/h3>\n<table>\n<tr>\n<td><strong>S\u00faly<\/strong><\/td>\n<td>4 lbs 8 oz<\/td>\n<\/tr>\n<tr>\n<td><strong>M\u00e9retek<\/strong><\/td>\n<td>26&#8243;H x 10&#8243;W<\/td>\n<\/tr>\n<tr>\n<td><strong>Cikksz\u00e1mok<\/strong><\/td>\n<td>MO1ME (Dry Earth), MO1MJ (Military Green)<\/td>\n<\/tr>\n<tr>\n<td><strong>Gy\u00e1rt\u00f3<\/strong><\/td>\n<td>Eberlestock (Veter\u00e1n tulajdon\u00fa v\u00e1llalat)<\/td>\n<\/tr>\n<\/table>\n","protected":false},"excerpt":{"rendered":"<p>Az Eberlestock Modframe egy k\u00f6vetkez\u0151 gener\u00e1ci\u00f3s vad\u00e1szplatform, amely \u00e1tveszi a Mainframe minden kiv\u00e1l\u00f3s\u00e1g\u00e1t \u00e9s az alapokt\u00f3l \u00fajj\u00e1\u00e9p\u00edti azt. Ez a c\u00e9lzottan tervezett modul\u00e1ris v\u00e1zrendszer komoly alpesi vad\u00e1szoknak k\u00e9sz\u00fclt, akik teljes\u00edtm\u00e9nyt, tart\u00f3ss\u00e1got \u00e9s rugalmass\u00e1got k\u00f6vetelnek hordoz\u00f3rendszer\u00fckt\u0151l.<\/p>\n","protected":false},"featured_media":750590,"template":"","meta":{"_acf_changed":false},"product_brand":[15149],"product_cat":[12911],"product_tag":[],"class_list":{"0":"post-750589","1":"product","2":"type-product","3":"status-publish","4":"has-post-thumbnail","6":"product_brand-eberlestock","7":"product_cat-hatizsakok","9":"first","10":"outofstock","11":"taxable","12":"shipping-taxable","13":"purchasable","14":"product-type-simple"},"acf":[],"_links":{"self":[{"href":"https:\/\/nbg.eu\/hu\/wp-json\/wp\/v2\/product\/750589","targetHints":{"allow":["GET"]}}],"collection":[{"href":"https:\/\/nbg.eu\/hu\/wp-json\/wp\/v2\/product"}],"about":[{"href":"https:\/\/nbg.eu\/hu\/wp-json\/wp\/v2\/types\/product"}],"wp:featuredmedia":[{"embeddable":true,"href":"https:\/\/nbg.eu\/hu\/wp-json\/wp\/v2\/media\/750590"}],"wp:attachment":[{"href":"https:\/\/nbg.eu\/hu\/wp-json\/wp\/v2\/media?parent=750589"}],"wp:term":[{"taxonomy":"product_brand","embeddable":true,"href":"https:\/\/nbg.eu\/hu\/wp-json\/wp\/v2\/product_brand?post=750589"},{"taxonomy":"product_cat","embeddable":true,"href":"https:\/\/nbg.eu\/hu\/wp-json\/wp\/v2\/product_cat?post=750589"},{"taxonomy":"product_tag","embeddable":true,"href":"https:\/\/nbg.eu\/hu\/wp-json\/wp\/v2\/product_tag?post=750589"}],"curies":[{"name":"wp","href":"https:\/\/api.w.org\/{rel}","templated":true}]}}

<h2>Eberlestock Modframe</h2>
<p>Az Eberlestock Modframe egy következő generációs vadászplatform, amely átveszi a Mainframe minden kiválóságát és az alapoktól újjáépíti azt. Ez a célzottan tervezett moduláris vázrendszer komoly alpesi vadászoknak készült, akik teljesítményt, tartósságot és rugalmasságot követelnek hordozórendszerüktől.</p>
<h3>Főbb jellemzők</h3>
<ul>
<li>Next-gen modular frame</li>
<li>Alpine hunting platform</li>
<li>Modular bag compatibility</li>
<li>Standalone frame capability</li>
<li>Adjustable torso</li>
<li>Eberlestock Lifetime Warranty</li>
</ul>
<h3>Specifikációk</h3>
<table>
<tr>
<td><strong>Súly</strong></td>
<td>4 lbs 8 oz</td>
</tr>
<tr>
<td><strong>Méretek</strong></td>
<td>26&#8243;H x 10&#8243;W</td>
</tr>
<tr>
<td><strong>Cikkszámok</strong></td>
<td>MO1ME (Dry Earth), MO1MJ (Military Green)</td>
</tr>
<tr>
<td><strong>Gyártó</strong></td>
<td>Eberlestock (Veterán tulajdonú vállalat)</td>
</tr>
</table>

<p>Az Eberlestock Modframe egy következő generációs vadászplatform, amely átveszi a Mainframe minden kiválóságát és az alapoktól újjáépíti azt. Ez a célzottan tervezett moduláris vázrendszer komoly alpesi vadászoknak készült, akik teljesítményt, tartósságot és rugalmasságot követelnek hordozórendszerüktől.</p>
