{"id":751475,"date":"2026-04-24T11:17:58","date_gmt":"2026-04-24T08:17:58","guid":{"rendered":"https:\/\/nbg.eu\/product\/eberlestock-p12-knee-pad-2-darabos-keszlet\/"},"modified":"2026-04-24T12:08:48","modified_gmt":"2026-04-24T09:08:48","slug":"eberlestock-p12-knee-pad-2-darabos-keszlet","status":"publish","type":"product","link":"https:\/\/nbg.eu\/hu\/termek\/eberlestock-p12-knee-pad-2-darabos-keszlet\/","title":{"rendered":"Eberlestock P12 Knee Pad 2 darabos k\u00e9szlet"},"content":{"rendered":"<h2>Eberlestock P12 Knee Pad 2 darabos k\u00e9szlet<\/h2>\n<p>Az Eberlestock P12 Knee Pad k\u00e9szlet alapvet\u0151 t\u00e9rdv\u00e9delmet biztos\u00edt tart\u00f3s terepi m\u0171veletekhez, l\u0151\u00e1ll\u00e1sokhoz \u00e9s taktikai alkalmaz\u00e1sokhoz. 2 darabos k\u00e9szletk\u00e9nt \u00e9rt\u00e9kes\u00edtve, ezek a t\u00e9rdv\u00e9d\u0151k kompatibilis Eberlestock nadr\u00e1gokkal \u00e9s felszerel\u00e9ssel val\u00f3 integr\u00e1ci\u00f3ra terveztek, k\u00f6nny\u0171 k\u00e9nyelmet \u00e9s \u00fct\u00e9sv\u00e9delmet ny\u00fajtva, amikor arra a legnagyobb sz\u00fcks\u00e9g van.<\/p>\n<h3>F\u0151bb jellemz\u0151k<\/h3>\n<ul>\n<li>Set of 2 knee pads<\/li>\n<li>Eberlestock pants compatible<\/li>\n<li>Lightweight construction<\/li>\n<li>Impact-absorbing foam<\/li>\n<li>Ergonomic design<\/li>\n<li>Eberlestock Lifetime Warranty<\/li>\n<\/ul>\n<h3>Specifik\u00e1ci\u00f3k<\/h3>\n<table>\n<tr>\n<td><strong>Mennyis\u00e9g<\/strong><\/td>\n<td>2<\/td>\n<\/tr>\n<tr>\n<td><strong>Kompatibilit\u00e1s<\/strong><\/td>\n<td>Eberlestock tactical pants<\/td>\n<\/tr>\n<tr>\n<td><strong>Gy\u00e1rt\u00f3<\/strong><\/td>\n<td>Eberlestock (Veter\u00e1n tulajdon\u00fa v\u00e1llalat)<\/td>\n<\/tr>\n<\/table>\n","protected":false},"excerpt":{"rendered":"<p>Az Eberlestock P12 Knee Pad k\u00e9szlet alapvet\u0151 t\u00e9rdv\u00e9delmet biztos\u00edt tart\u00f3s terepi m\u0171veletekhez, l\u0151\u00e1ll\u00e1sokhoz \u00e9s taktikai alkalmaz\u00e1sokhoz. 2 darabos k\u00e9szletk\u00e9nt \u00e9rt\u00e9kes\u00edtve, ezek a t\u00e9rdv\u00e9d\u0151k kompatibilis Eberlestock nadr\u00e1gokkal \u00e9s felszerel\u00e9ssel val\u00f3 integr\u00e1ci\u00f3ra terveztek, k\u00f6nny\u0171 k\u00e9nyelmet \u00e9s \u00fct\u00e9sv\u00e9delmet ny\u00fajtva, amikor arra a legnagyobb sz\u00fcks\u00e9g van.<\/p>\n","protected":false},"featured_media":751551,"template":"","meta":{"_acf_changed":false},"product_brand":[15149],"product_cat":[12975],"product_tag":[],"class_list":{"0":"post-751475","1":"product","2":"type-product","3":"status-publish","4":"has-post-thumbnail","6":"product_brand-eberlestock","7":"product_cat-felszereles","9":"first","10":"instock","11":"taxable","12":"shipping-taxable","13":"purchasable","14":"product-type-simple"},"acf":[],"_links":{"self":[{"href":"https:\/\/nbg.eu\/hu\/wp-json\/wp\/v2\/product\/751475","targetHints":{"allow":["GET"]}}],"collection":[{"href":"https:\/\/nbg.eu\/hu\/wp-json\/wp\/v2\/product"}],"about":[{"href":"https:\/\/nbg.eu\/hu\/wp-json\/wp\/v2\/types\/product"}],"wp:featuredmedia":[{"embeddable":true,"href":"https:\/\/nbg.eu\/hu\/wp-json\/wp\/v2\/media\/751551"}],"wp:attachment":[{"href":"https:\/\/nbg.eu\/hu\/wp-json\/wp\/v2\/media?parent=751475"}],"wp:term":[{"taxonomy":"product_brand","embeddable":true,"href":"https:\/\/nbg.eu\/hu\/wp-json\/wp\/v2\/product_brand?post=751475"},{"taxonomy":"product_cat","embeddable":true,"href":"https:\/\/nbg.eu\/hu\/wp-json\/wp\/v2\/product_cat?post=751475"},{"taxonomy":"product_tag","embeddable":true,"href":"https:\/\/nbg.eu\/hu\/wp-json\/wp\/v2\/product_tag?post=751475"}],"curies":[{"name":"wp","href":"https:\/\/api.w.org\/{rel}","templated":true}]}}

Eberlestock P12 Knee Pad 2 darabos készlet

<h2>Eberlestock P12 Knee Pad 2 darabos készlet</h2>
<p>Az Eberlestock P12 Knee Pad készlet alapvető térdvédelmet biztosít tartós terepi műveletekhez, lőállásokhoz és taktikai alkalmazásokhoz. 2 darabos készletként értékesítve, ezek a térdvédők kompatibilis Eberlestock nadrágokkal és felszereléssel való integrációra terveztek, könnyű kényelmet és ütésvédelmet nyújtva, amikor arra a legnagyobb szükség van.</p>
<h3>Főbb jellemzők</h3>
<ul>
<li>Set of 2 knee pads</li>
<li>Eberlestock pants compatible</li>
<li>Lightweight construction</li>
<li>Impact-absorbing foam</li>
<li>Ergonomic design</li>
<li>Eberlestock Lifetime Warranty</li>
</ul>
<h3>Specifikációk</h3>
<table>
<tr>
<td><strong>Mennyiség</strong></td>
<td>2</td>
</tr>
<tr>
<td><strong>Kompatibilitás</strong></td>
<td>Eberlestock tactical pants</td>
</tr>
<tr>
<td><strong>Gyártó</strong></td>
<td>Eberlestock (Veterán tulajdonú vállalat)</td>
</tr>
</table>

<p>Az Eberlestock P12 Knee Pad készlet alapvető térdvédelmet biztosít tartós terepi műveletekhez, lőállásokhoz és taktikai alkalmazásokhoz. 2 darabos készletként értékesítve, ezek a térdvédők kompatibilis Eberlestock nadrágokkal és felszereléssel való integrációra terveztek, könnyű kényelmet és ütésvédelmet nyújtva, amikor arra a legnagyobb szükség van.</p>
