{"id":698734,"date":"2025-12-22T17:51:28","date_gmt":"2025-12-22T14:51:28","guid":{"rendered":"https:\/\/nbg.eu\/product\/ii-pakkett-lodrag\/"},"modified":"2026-04-15T14:32:15","modified_gmt":"2026-04-15T11:32:15","slug":"ii-pakkett-lodrag","status":"publish","type":"product","link":"https:\/\/nbg.eu\/mt\/product\/ii-pakkett-lodrag\/","title":{"rendered":"Eberlestock Backpack LoDrag II"},"content":{"rendered":"<h2>X31 LoDrag II\u2122 Tactic Bag<\/h2>\n<p>Iddisinjat biex tkun tactic bag funzjonali, \u0127afifa, kif ukoll tinkludi kontenitur g\u0127al armi ta&#8217; daqs tattiku, l-X31 LoDrag II\u2122 kienet issir element ba\u017ciku fid-dinja tar-rifle ta&#8217; pre\u010bi\u017cjoni. \u0120ewwa l-kompartiment prin\u010bipali, il-LoDrag II g\u0127andha xelfa li tinfeta\u0127 biex tissepara l-ispazju ta&#8217; tag\u0127bija ta&#8217; fuq u ta&#8217; isfel u manikott g\u0127all-idratazzjoni g\u0127as-sistemi ta&#8217; idratazzjoni tag\u0127na ta&#8217; 2L u 3L. Il-vitrigi tal-kompressjoni laterali jinkludu bwiez HD 25mm g\u0127all-\u0127ru\u0121 malajr ta&#8217; o\u0121\u0121etti b\u0127al treppe\u0434\u0438 m\u0121ieg\u0127la mal-\u0121enb tal-bag.<\/p>\n<h2>Qisien<\/h2>\n<p>Volum: 2290 c.i. \/ 37.5L<br \/>\nPi\u017c: 6.85 lbs<br \/>\nQisien: 22.5A x 11W x 11.75P<br \/>\nQisien tal-Kontenitur: 34&#8243; A x 10&#8243; W x 3P<\/p>\n<h2>Karatteristi\u010bi<\/h2>\n<ul>\n<li>Kontenitur g\u0127al armi tattiku<\/li>\n<li>Xelfa li tinfeta\u0127 biex tissepara l-ispazju ta&#8217; tag\u0127bija ta&#8217; fuq u ta&#8217; isfel<\/li>\n<li>Drak tax-xita inklu\u017ci<\/li>\n<li>Manikott g\u0127all-idratazzjoni<\/li>\n<\/ul>\n","protected":false},"excerpt":{"rendered":"<p>Pakkett tattiku \u0127afif b&#8217;xkubetta g\u0127all-armi, plakka li tin\u0121ibed &#8216;il barra, u marrakkja g\u0127all-ilma.<\/p>\n","protected":false},"featured_media":698787,"template":"","meta":{"_acf_changed":false},"product_brand":[15150],"product_cat":[14102],"product_tag":[],"class_list":{"0":"post-698734","1":"product","2":"type-product","3":"status-publish","4":"has-post-thumbnail","6":"product_brand-eberlestock","7":"product_cat-boroz-tad-dahar","9":"first","10":"instock","11":"taxable","12":"shipping-taxable","13":"purchasable","14":"product-type-variable","15":"wvs-archive-product-wrapper"},"acf":[],"_links":{"self":[{"href":"https:\/\/nbg.eu\/mt\/wp-json\/wp\/v2\/product\/698734","targetHints":{"allow":["GET"]}}],"collection":[{"href":"https:\/\/nbg.eu\/mt\/wp-json\/wp\/v2\/product"}],"about":[{"href":"https:\/\/nbg.eu\/mt\/wp-json\/wp\/v2\/types\/product"}],"wp:featuredmedia":[{"embeddable":true,"href":"https:\/\/nbg.eu\/mt\/wp-json\/wp\/v2\/media\/698787"}],"wp:attachment":[{"href":"https:\/\/nbg.eu\/mt\/wp-json\/wp\/v2\/media?parent=698734"}],"wp:term":[{"taxonomy":"product_brand","embeddable":true,"href":"https:\/\/nbg.eu\/mt\/wp-json\/wp\/v2\/product_brand?post=698734"},{"taxonomy":"product_cat","embeddable":true,"href":"https:\/\/nbg.eu\/mt\/wp-json\/wp\/v2\/product_cat?post=698734"},{"taxonomy":"product_tag","embeddable":true,"href":"https:\/\/nbg.eu\/mt\/wp-json\/wp\/v2\/product_tag?post=698734"}],"curies":[{"name":"wp","href":"https:\/\/api.w.org\/{rel}","templated":true}]}}

<h2>X31 LoDrag II™ Tactic Bag</h2>
<p>Iddisinjat biex tkun tactic bag funzjonali, ħafifa, kif ukoll tinkludi kontenitur għal armi ta&#8217; daqs tattiku, l-X31 LoDrag II™ kienet issir element bażiku fid-dinja tar-rifle ta&#8217; preċiżjoni. Ġewwa l-kompartiment prinċipali, il-LoDrag II għandha xelfa li tinfetaħ biex tissepara l-ispazju ta&#8217; tagħbija ta&#8217; fuq u ta&#8217; isfel u manikott għall-idratazzjoni għas-sistemi ta&#8217; idratazzjoni tagħna ta&#8217; 2L u 3L. Il-vitrigi tal-kompressjoni laterali jinkludu bwiez HD 25mm għall-ħruġ malajr ta&#8217; oġġetti bħal treppeди mġiegħla mal-ġenb tal-bag.</p>
<h2>Qisien</h2>
<p>Volum: 2290 c.i. / 37.5L<br />
Piż: 6.85 lbs<br />
Qisien: 22.5A x 11W x 11.75P<br />
Qisien tal-Kontenitur: 34&#8243; A x 10&#8243; W x 3P</p>
<h2>Karatteristiċi</h2>
<ul>
<li>Kontenitur għal armi tattiku</li>
<li>Xelfa li tinfetaħ biex tissepara l-ispazju ta&#8217; tagħbija ta&#8217; fuq u ta&#8217; isfel</li>
<li>Drak tax-xita inklużi</li>
<li>Manikott għall-idratazzjoni</li>
</ul>

<p>Pakkett tattiku ħafif b&#8217;xkubetta għall-armi, plakka li tinġibed &#8216;il barra, u marrakkja għall-ilma.</p>
