{"id":750220,"date":"2026-04-24T11:17:44","date_gmt":"2026-04-24T08:17:44","guid":{"rendered":"https:\/\/nbg.eu\/product\/eberlestock-spectre-ryggsekk-multicam\/"},"modified":"2026-04-24T12:02:42","modified_gmt":"2026-04-24T09:02:42","slug":"eberlestock-spectre-ryggsekk-multicam","status":"publish","type":"product","link":"https:\/\/nbg.eu\/no\/produkt\/eberlestock-spectre-ryggsekk-multicam\/","title":{"rendered":"Eberlestock Spectre Ryggsekk &#8211; Multicam"},"content":{"rendered":"<h2>Eberlestock Spectre Ryggsekk<\/h2>\n<p>Eberlestock Spectre er den mest innovative og allsidige snikskyttersekken i Eberlestock-sortimentet, og redefinerer mulighetene for presisjonskampklar utrustning. Med en kapasitet p\u00e5 3100 k.t., integrert gev\u00e6rslire og omfattende organisasjonsfunksjoner, er Spectre bygget for operat\u00f8rer som krever det h\u00f8yeste ytelsesniv\u00e5et fra utstyret sitt.<\/p>\n<h3>N\u00f8kkelfunksjoner<\/h3>\n<ul>\n<li>3,100 c.i. \/ 50.8L capacity<\/li>\n<li>Integrated rifle scabbard (34&#8243;)<\/li>\n<li>Full MOLLE\/PALS webbing<\/li>\n<li>Adjustable torso length<\/li>\n<li>Hydration compatible<\/li>\n<li>Eberlestock Lifetime Warranty<\/li>\n<\/ul>\n<h3>Spesifikasjoner<\/h3>\n<table>\n<tr>\n<td><strong>Kapasitet<\/strong><\/td>\n<td>3,100 c.i. \/ 50.8L<\/td>\n<\/tr>\n<tr>\n<td><strong>Vekt<\/strong><\/td>\n<td>6 lbs 6 oz<\/td>\n<\/tr>\n<tr>\n<td><strong>Dimensjoner<\/strong><\/td>\n<td>23&#8243; x 12&#8243; (Scabbard: 34&#8243;)<\/td>\n<\/tr>\n<tr>\n<td><strong>Varenumre<\/strong><\/td>\n<td>W2MM, W2ME, W2MC, W2MJ<\/td>\n<\/tr>\n<tr>\n<td><strong>Produsent<\/strong><\/td>\n<td>Eberlestock (Veteraneid bedrift)<\/td>\n<\/tr>\n<\/table>\n","protected":false},"excerpt":{"rendered":"<p>Eberlestock Spectre er den mest innovative og allsidige snikskyttersekken i Eberlestock-sortimentet, og redefinerer mulighetene for presisjonskampklar utrustning. Med en kapasitet p\u00e5 3100 k.t., integrert gev\u00e6rslire og omfattende organisasjonsfunksjoner, er Spectre bygget for operat\u00f8rer som krever det h\u00f8yeste ytelsesniv\u00e5et fra utstyret sitt.<\/p>\n","protected":false},"featured_media":750221,"template":"","meta":{"_acf_changed":false},"product_brand":[15155],"product_cat":[13255],"product_tag":[],"class_list":{"0":"post-750220","1":"product","2":"type-product","3":"status-publish","4":"has-post-thumbnail","6":"product_brand-eberlestock","7":"product_cat-ryggsekker","9":"first","10":"outofstock","11":"taxable","12":"shipping-taxable","13":"purchasable","14":"product-type-simple"},"acf":[],"_links":{"self":[{"href":"https:\/\/nbg.eu\/no\/wp-json\/wp\/v2\/product\/750220","targetHints":{"allow":["GET"]}}],"collection":[{"href":"https:\/\/nbg.eu\/no\/wp-json\/wp\/v2\/product"}],"about":[{"href":"https:\/\/nbg.eu\/no\/wp-json\/wp\/v2\/types\/product"}],"wp:featuredmedia":[{"embeddable":true,"href":"https:\/\/nbg.eu\/no\/wp-json\/wp\/v2\/media\/750221"}],"wp:attachment":[{"href":"https:\/\/nbg.eu\/no\/wp-json\/wp\/v2\/media?parent=750220"}],"wp:term":[{"taxonomy":"product_brand","embeddable":true,"href":"https:\/\/nbg.eu\/no\/wp-json\/wp\/v2\/product_brand?post=750220"},{"taxonomy":"product_cat","embeddable":true,"href":"https:\/\/nbg.eu\/no\/wp-json\/wp\/v2\/product_cat?post=750220"},{"taxonomy":"product_tag","embeddable":true,"href":"https:\/\/nbg.eu\/no\/wp-json\/wp\/v2\/product_tag?post=750220"}],"curies":[{"name":"wp","href":"https:\/\/api.w.org\/{rel}","templated":true}]}}

<h2>Eberlestock Spectre Ryggsekk</h2>
<p>Eberlestock Spectre er den mest innovative og allsidige snikskyttersekken i Eberlestock-sortimentet, og redefinerer mulighetene for presisjonskampklar utrustning. Med en kapasitet på 3100 k.t., integrert geværslire og omfattende organisasjonsfunksjoner, er Spectre bygget for operatører som krever det høyeste ytelsesnivået fra utstyret sitt.</p>
<h3>Nøkkelfunksjoner</h3>
<ul>
<li>3,100 c.i. / 50.8L capacity</li>
<li>Integrated rifle scabbard (34&#8243;)</li>
<li>Full MOLLE/PALS webbing</li>
<li>Adjustable torso length</li>
<li>Hydration compatible</li>
<li>Eberlestock Lifetime Warranty</li>
</ul>
<h3>Spesifikasjoner</h3>
<table>
<tr>
<td><strong>Kapasitet</strong></td>
<td>3,100 c.i. / 50.8L</td>
</tr>
<tr>
<td><strong>Vekt</strong></td>
<td>6 lbs 6 oz</td>
</tr>
<tr>
<td><strong>Dimensjoner</strong></td>
<td>23&#8243; x 12&#8243; (Scabbard: 34&#8243;)</td>
</tr>
<tr>
<td><strong>Varenumre</strong></td>
<td>W2MM, W2ME, W2MC, W2MJ</td>
</tr>
<tr>
<td><strong>Produsent</strong></td>
<td>Eberlestock (Veteraneid bedrift)</td>
</tr>
</table>

<p>Eberlestock Spectre er den mest innovative og allsidige snikskyttersekken i Eberlestock-sortimentet, og redefinerer mulighetene for presisjonskampklar utrustning. Med en kapasitet på 3100 k.t., integrert geværslire og omfattende organisasjonsfunksjoner, er Spectre bygget for operatører som krever det høyeste ytelsesnivået fra utstyret sitt.</p>
