{"id":688805,"date":"2025-12-22T15:23:07","date_gmt":"2025-12-22T12:23:07","guid":{"rendered":"https:\/\/nbg.eu\/product\/hyllus-torba-podrozna-wojskowa-zielen-65-litrow\/"},"modified":"2026-04-15T14:36:11","modified_gmt":"2026-04-15T11:36:11","slug":"hyllus-torba-podrozna-wojskowa-zielen-65-litrow","status":"publish","type":"product","link":"https:\/\/nbg.eu\/pl\/produkt\/hyllus-torba-podrozna-wojskowa-zielen-65-litrow\/","title":{"rendered":"Eberlestock Torba Podr\u00f3\u017cna Hyllus &#8211; 65 Litr\u00f3w"},"content":{"rendered":"<h2>Hyllus Torba podr\u00f3\u017cna &#8211; 65 litr\u00f3w<\/h2>\n<p>Torba Hyllus Duffel to wodoodporna, niezwykle trwa\u0142a torba podr\u00f3\u017cna idealna do pakowania sprz\u0119tu w samochodzie lub w kabinie samolotu. Dno i boczne \u015bciany wykonane s\u0105 z 1000D TPU powlekanych nylonu, a g\u00f3rna cz\u0119\u015b\u0107 jest wykonana z 500D TPU powlekanego nylonu ripstop.<\/p>\n<p>Wewn\u0119trzne i zewn\u0119trzne kieszenie na zamek u\u0142atwiaj\u0105 organizacj\u0119 drobnych przedmiot\u00f3w i zapewniaj\u0105 bezpiecze\u0144stwo, a du\u017ce otwarcie g\u0142\u00f3wnej komory pozwala na szybkie schowanie ubra\u0144 i du\u017cych przedmiot\u00f3w. Hyllus posiada pasek ta\u015bmowy do wygodnego przymocowania do wysuwanych uchwyt\u00f3w baga\u017cowych.<\/p>\n<h2>Wymiary<\/h2>\n<p>Pojemno\u015b\u0107 65 l: 3966 ci<br \/>\nWaga 65 l: 2,5 lb<br \/>\nWymiary 65 l: 11H x 27L x 13 W<\/p>\n<h2>Funkcje<\/h2>\n<p>Konstrukcja wodoodporna<br \/>\nDu\u017ca g\u0142\u00f3wna komora z wewn\u0119trznymi kieszeniami na zamek<br \/>\nZewn\u0119trzne kieszenie na zamek po obu stronach i z przodu<br \/>\nUchwyt torby podr\u00f3\u017cnej<\/p>\n","protected":false},"excerpt":{"rendered":"<p>Torba podr\u00f3\u017cna Hyllus &#8211; 65 litr\u00f3w to wodoodporna, niezwykle wytrzyma\u0142a torba podr\u00f3\u017cna o pojemno\u015bci 3966 in3, wa\u017c\u0105ca 2,5 lb.<\/p>\n","protected":false},"featured_media":688886,"template":"","meta":{"_acf_changed":false},"product_brand":[15144],"product_cat":[12563],"product_tag":[],"class_list":{"0":"post-688805","1":"product","2":"type-product","3":"status-publish","4":"has-post-thumbnail","6":"product_brand-eberlestock","7":"product_cat-torby-strzeleckie","9":"first","10":"instock","11":"taxable","12":"shipping-taxable","13":"purchasable","14":"product-type-variable","15":"wvs-archive-product-wrapper"},"acf":[],"_links":{"self":[{"href":"https:\/\/nbg.eu\/pl\/wp-json\/wp\/v2\/product\/688805","targetHints":{"allow":["GET"]}}],"collection":[{"href":"https:\/\/nbg.eu\/pl\/wp-json\/wp\/v2\/product"}],"about":[{"href":"https:\/\/nbg.eu\/pl\/wp-json\/wp\/v2\/types\/product"}],"wp:featuredmedia":[{"embeddable":true,"href":"https:\/\/nbg.eu\/pl\/wp-json\/wp\/v2\/media\/688886"}],"wp:attachment":[{"href":"https:\/\/nbg.eu\/pl\/wp-json\/wp\/v2\/media?parent=688805"}],"wp:term":[{"taxonomy":"product_brand","embeddable":true,"href":"https:\/\/nbg.eu\/pl\/wp-json\/wp\/v2\/product_brand?post=688805"},{"taxonomy":"product_cat","embeddable":true,"href":"https:\/\/nbg.eu\/pl\/wp-json\/wp\/v2\/product_cat?post=688805"},{"taxonomy":"product_tag","embeddable":true,"href":"https:\/\/nbg.eu\/pl\/wp-json\/wp\/v2\/product_tag?post=688805"}],"curies":[{"name":"wp","href":"https:\/\/api.w.org\/{rel}","templated":true}]}}

Eberlestock Torba Podróżna Hyllus &#8211; 65 Litrów

<h2>Hyllus Torba podróżna &#8211; 65 litrów</h2>
<p>Torba Hyllus Duffel to wodoodporna, niezwykle trwała torba podróżna idealna do pakowania sprzętu w samochodzie lub w kabinie samolotu. Dno i boczne ściany wykonane są z 1000D TPU powlekanych nylonu, a górna część jest wykonana z 500D TPU powlekanego nylonu ripstop.</p>
<p>Wewnętrzne i zewnętrzne kieszenie na zamek ułatwiają organizację drobnych przedmiotów i zapewniają bezpieczeństwo, a duże otwarcie głównej komory pozwala na szybkie schowanie ubrań i dużych przedmiotów. Hyllus posiada pasek taśmowy do wygodnego przymocowania do wysuwanych uchwytów bagażowych.</p>
<h2>Wymiary</h2>
<p>Pojemność 65 l: 3966 ci<br />
Waga 65 l: 2,5 lb<br />
Wymiary 65 l: 11H x 27L x 13 W</p>
<h2>Funkcje</h2>
<p>Konstrukcja wodoodporna<br />
Duża główna komora z wewnętrznymi kieszeniami na zamek<br />
Zewnętrzne kieszenie na zamek po obu stronach i z przodu<br />
Uchwyt torby podróżnej</p>

<p>Torba podróżna Hyllus &#8211; 65 litrów to wodoodporna, niezwykle wytrzymała torba podróżna o pojemności 3966 in3, ważąca 2,5 lb.</p>
