{"id":696842,"date":"2025-12-22T15:47:55","date_gmt":"2025-12-22T12:47:55","guid":{"rendered":"https:\/\/nbg.eu\/product\/misja-arc-multicam\/"},"modified":"2026-04-15T14:35:57","modified_gmt":"2026-04-15T11:35:57","slug":"misja-arc-multicam","status":"publish","type":"product","link":"https:\/\/nbg.eu\/pl\/produkt\/misja-arc-multicam\/","title":{"rendered":"Eberlestock Mission ARC &#8211; Multicam"},"content":{"rendered":"<h2>Misja ARC-Multicam: Zoptymalizowana nosid\u0142a \u0142adunku do efektywno\u015bci operacyjnej<\/h2>\n<p>Regulowane nosid\u0142o karabinu (ARC) Misji jest funkcjonalnym zasobem dla profesjonalist\u00f3w, kt\u00f3rzy musz\u0105 przenosi\u0107 dodatkowe zasoby w terenie. ARC zwi\u0119ksza zdolno\u015b\u0107 operacyjn\u0105 i jest zaprojektowany do wsp\u00f3\u0142pracy z ram\u0105 EMOD Misji oraz rozszerzeniem zamka Misji. Zabezpieczaj\u0105c si\u0119 na tylnej cz\u0119\u015bci ramy Misji za pomoc\u0105 ta\u015bmy MOLLE, ARC funkcjonuje jako nosid\u0142o dla precyzyjnych karabin\u00f3w, platform w stylu AR i mo\u017ce przewozi\u0107 inny niezb\u0119dny do misji sprz\u0119t.<\/p>\n<p>Sukces misji zale\u017cy od precyzyjnego czasu, dok\u0142adno\u015bci i efektywnego wdra\u017cania dost\u0119pnych zasob\u00f3w. ARC zosta\u0142 zbudowany, aby wspiera\u0107 zapotrzebowanie na sprz\u0119t w ka\u017cdym \u015brodowisku. Wyposa\u017cony w tkanin\u0119 500D, regulowan\u0105 podstaw\u0119, ta\u015bm\u0119 MOLLE, paski mocuj\u0105ce i wzmocnion\u0105 podstaw\u0119 Hypalon, Misja ARC-Multicam jest zaprojektowana w celu zoptymalizowania organizacji i dost\u0119pno\u015bci wyposa\u017cenia w terenie.<\/p>\n<p>Wymiary: 15&#8243;H x 3&#8243;W<\/p>\n","protected":false},"excerpt":{"rendered":"<p>Misja ARC-Multicam to funkcjonalna, regulowana komora no\u015bna broni, kt\u00f3ra mocuje si\u0119 do ramy Mission EMOD, umo\u017cliwiaj\u0105c transport karabin\u00f3w precyzyjnych, platform typu AR i niezb\u0119dnego sprz\u0119tu do misji.<\/p>\n","protected":false},"featured_media":696861,"template":"","meta":{"_acf_changed":false},"product_brand":[15144],"product_cat":[12567],"product_tag":[],"class_list":{"0":"post-696842","1":"product","2":"type-product","3":"status-publish","4":"has-post-thumbnail","6":"product_brand-eberlestock","7":"product_cat-plecaki","9":"first","10":"instock","11":"taxable","12":"shipping-taxable","13":"purchasable","14":"product-type-variable","15":"wvs-archive-product-wrapper"},"acf":[],"_links":{"self":[{"href":"https:\/\/nbg.eu\/pl\/wp-json\/wp\/v2\/product\/696842","targetHints":{"allow":["GET"]}}],"collection":[{"href":"https:\/\/nbg.eu\/pl\/wp-json\/wp\/v2\/product"}],"about":[{"href":"https:\/\/nbg.eu\/pl\/wp-json\/wp\/v2\/types\/product"}],"wp:featuredmedia":[{"embeddable":true,"href":"https:\/\/nbg.eu\/pl\/wp-json\/wp\/v2\/media\/696861"}],"wp:attachment":[{"href":"https:\/\/nbg.eu\/pl\/wp-json\/wp\/v2\/media?parent=696842"}],"wp:term":[{"taxonomy":"product_brand","embeddable":true,"href":"https:\/\/nbg.eu\/pl\/wp-json\/wp\/v2\/product_brand?post=696842"},{"taxonomy":"product_cat","embeddable":true,"href":"https:\/\/nbg.eu\/pl\/wp-json\/wp\/v2\/product_cat?post=696842"},{"taxonomy":"product_tag","embeddable":true,"href":"https:\/\/nbg.eu\/pl\/wp-json\/wp\/v2\/product_tag?post=696842"}],"curies":[{"name":"wp","href":"https:\/\/api.w.org\/{rel}","templated":true}]}}

<h2>Misja ARC-Multicam: Zoptymalizowana nosidła ładunku do efektywności operacyjnej</h2>
<p>Regulowane nosidło karabinu (ARC) Misji jest funkcjonalnym zasobem dla profesjonalistów, którzy muszą przenosić dodatkowe zasoby w terenie. ARC zwiększa zdolność operacyjną i jest zaprojektowany do współpracy z ramą EMOD Misji oraz rozszerzeniem zamka Misji. Zabezpieczając się na tylnej części ramy Misji za pomocą taśmy MOLLE, ARC funkcjonuje jako nosidło dla precyzyjnych karabinów, platform w stylu AR i może przewozić inny niezbędny do misji sprzęt.</p>
<p>Sukces misji zależy od precyzyjnego czasu, dokładności i efektywnego wdrażania dostępnych zasobów. ARC został zbudowany, aby wspierać zapotrzebowanie na sprzęt w każdym środowisku. Wyposażony w tkaninę 500D, regulowaną podstawę, taśmę MOLLE, paski mocujące i wzmocnioną podstawę Hypalon, Misja ARC-Multicam jest zaprojektowana w celu zoptymalizowania organizacji i dostępności wyposażenia w terenie.</p>
<p>Wymiary: 15&#8243;H x 3&#8243;W</p>

<p>Misja ARC-Multicam to funkcjonalna, regulowana komora nośna broni, która mocuje się do ramy Mission EMOD, umożliwiając transport karabinów precyzyjnych, platform typu AR i niezbędnego sprzętu do misji.</p>
