{"id":698728,"date":"2025-12-22T17:51:28","date_gmt":"2025-12-22T14:51:28","guid":{"rendered":"https:\/\/nbg.eu\/product\/lodrag-ii-pack\/"},"modified":"2026-04-15T14:35:36","modified_gmt":"2026-04-15T11:35:36","slug":"lodrag-ii-pack","status":"publish","type":"product","link":"https:\/\/nbg.eu\/pl\/produkt\/lodrag-ii-pack\/","title":{"rendered":"Eberlestock Plecak LoDrag II"},"content":{"rendered":"<h2>X31 LoDrag II\u2122 Taktyczny plecak<\/h2>\n<p>Zaprojektowany jako wysoce funkcjonalny, lekki taktyczny plecak, a tak\u017ce z wbudowan\u0105 kieszeni\u0105 na bro\u0144 taktyczn\u0105, X31 LoDrag II\u2122 jest sta\u0142ym elementem w \u015bwiecie precyzyjnej broni strzeleckiej. W g\u0142\u00f3wnej komorze LoDrag II znajduje si\u0119 odchylana p\u00f3\u0142ka do oddzielenia g\u00f3rnej i dolnej przestrzeni \u0142adunkowej oraz kiesze\u0144 na nasz system nawadniaj\u0105cy 2L i 3L. Boczne pasy kompresyjne maj\u0105 mocne, 25 mm klamry do szybkiego wypinania przedmiot\u00f3w, takich jak statywy, przymocowanych do boku plecaka.<\/p>\n<h2>Wymiary<\/h2>\n<p>Pojemno\u015b\u0107: 2290 coli sze\u015bciennych \/ 37,5 l<br \/>\nWaga: 3,1 kg<br \/>\nWymiary: 22,5 cm (wys.) x 28 cm (szer.) x 30 cm (g\u0142.)<br \/>\nWymiary kieszeni na bro\u0144: 86 cm (wys.) x 25 cm (szer.) x 7,5 cm (g\u0142.)<\/p>\n<h2>Cechy<\/h2>\n<ul>\n<li>Kiesze\u0144 na bro\u0144 taktyczn\u0105<\/li>\n<li>Odchylana p\u00f3\u0142ka do oddzielenia g\u00f3rnej i dolnej przestrzeni \u0142adunkowej<\/li>\n<li>Do\u0142\u0105czana os\u0142ona przeciwdeszczowa<\/li>\n<li>Kiesze\u0144 na system nawadniaj\u0105cy<\/li>\n<\/ul>\n","protected":false},"excerpt":{"rendered":"<p>Lekki taktyczny plecak z kabur\u0105 na bro\u0144, sk\u0142adan\u0105 p\u00f3\u0142k\u0105 i komor\u0105 na nawodnienie.<\/p>\n","protected":false},"featured_media":698802,"template":"","meta":{"_acf_changed":false},"product_brand":[15144],"product_cat":[12567],"product_tag":[],"class_list":{"0":"post-698728","1":"product","2":"type-product","3":"status-publish","4":"has-post-thumbnail","6":"product_brand-eberlestock","7":"product_cat-plecaki","9":"first","10":"instock","11":"taxable","12":"shipping-taxable","13":"purchasable","14":"product-type-variable","15":"wvs-archive-product-wrapper"},"acf":[],"_links":{"self":[{"href":"https:\/\/nbg.eu\/pl\/wp-json\/wp\/v2\/product\/698728","targetHints":{"allow":["GET"]}}],"collection":[{"href":"https:\/\/nbg.eu\/pl\/wp-json\/wp\/v2\/product"}],"about":[{"href":"https:\/\/nbg.eu\/pl\/wp-json\/wp\/v2\/types\/product"}],"wp:featuredmedia":[{"embeddable":true,"href":"https:\/\/nbg.eu\/pl\/wp-json\/wp\/v2\/media\/698802"}],"wp:attachment":[{"href":"https:\/\/nbg.eu\/pl\/wp-json\/wp\/v2\/media?parent=698728"}],"wp:term":[{"taxonomy":"product_brand","embeddable":true,"href":"https:\/\/nbg.eu\/pl\/wp-json\/wp\/v2\/product_brand?post=698728"},{"taxonomy":"product_cat","embeddable":true,"href":"https:\/\/nbg.eu\/pl\/wp-json\/wp\/v2\/product_cat?post=698728"},{"taxonomy":"product_tag","embeddable":true,"href":"https:\/\/nbg.eu\/pl\/wp-json\/wp\/v2\/product_tag?post=698728"}],"curies":[{"name":"wp","href":"https:\/\/api.w.org\/{rel}","templated":true}]}}

<h2>X31 LoDrag II™ Taktyczny plecak</h2>
<p>Zaprojektowany jako wysoce funkcjonalny, lekki taktyczny plecak, a także z wbudowaną kieszenią na broń taktyczną, X31 LoDrag II™ jest stałym elementem w świecie precyzyjnej broni strzeleckiej. W głównej komorze LoDrag II znajduje się odchylana półka do oddzielenia górnej i dolnej przestrzeni ładunkowej oraz kieszeń na nasz system nawadniający 2L i 3L. Boczne pasy kompresyjne mają mocne, 25 mm klamry do szybkiego wypinania przedmiotów, takich jak statywy, przymocowanych do boku plecaka.</p>
<h2>Wymiary</h2>
<p>Pojemność: 2290 coli sześciennych / 37,5 l<br />
Waga: 3,1 kg<br />
Wymiary: 22,5 cm (wys.) x 28 cm (szer.) x 30 cm (gł.)<br />
Wymiary kieszeni na broń: 86 cm (wys.) x 25 cm (szer.) x 7,5 cm (gł.)</p>
<h2>Cechy</h2>
<ul>
<li>Kieszeń na broń taktyczną</li>
<li>Odchylana półka do oddzielenia górnej i dolnej przestrzeni ładunkowej</li>
<li>Dołączana osłona przeciwdeszczowa</li>
<li>Kieszeń na system nawadniający</li>
</ul>

<p>Lekki taktyczny plecak z kaburą na broń, składaną półką i komorą na nawodnienie.</p>
