{"id":749548,"date":"2026-04-24T11:17:29","date_gmt":"2026-04-24T08:17:29","guid":{"rendered":"https:\/\/nbg.eu\/product\/eberlestock-freefall-2000-plecak\/"},"modified":"2026-04-24T11:59:54","modified_gmt":"2026-04-24T08:59:54","slug":"eberlestock-freefall-2000-plecak","status":"publish","type":"product","link":"https:\/\/nbg.eu\/pl\/produkt\/eberlestock-freefall-2000-plecak\/","title":{"rendered":"Eberlestock FreeFall 2000 Plecak"},"content":{"rendered":"<h2>Eberlestock FreeFall 2000 Plecak<\/h2>\n<p>Eberlestock FreeFall 2000 to wszechstronna, niskoprofilowa platforma zdolna pomie\u015bci\u0107 wielodniowe wyprawy z minimalnym ekwipunkiem lub jednodniowe wycieczki z pe\u0142nym wyposa\u017ceniem. Z przestronn\u0105 g\u00f3rn\u0105 klap\u0105, siedmioma wewn\u0119trznymi kieszeniami, kieszeni\u0105 na buk\u0142ak, pasami kompresyjnymi i kieszeniami na pasie biodrowym, ten plecak jest stworzony dla wymagaj\u0105cych mi\u0142o\u015bnik\u00f3w outdooru i operator\u00f3w taktycznych.<\/p>\n<h3>Kluczowe cechy<\/h3>\n<ul>\n<li>2000 c.i. \/ 32.8L capacity<\/li>\n<li>Spacious top lid<\/li>\n<li>Seven interior pockets<\/li>\n<li>Water bladder sleeve<\/li>\n<li>Compression straps<\/li>\n<li>Hip-belt pockets<\/li>\n<li>Aluminum frame<\/li>\n<li>Eberlestock Lifetime Warranty<\/li>\n<\/ul>\n<h3>Specyfikacje<\/h3>\n<table>\n<tr>\n<td><strong>Obj\u0119to\u015b\u0107<\/strong><\/td>\n<td>2000 c.i. \/ 32.8L<\/td>\n<\/tr>\n<tr>\n<td><strong>Waga<\/strong><\/td>\n<td>4 lbs 9 oz<\/td>\n<\/tr>\n<tr>\n<td><strong>Rama<\/strong><\/td>\n<td>Aluminum<\/td>\n<\/tr>\n<tr>\n<td><strong>Kody produkt\u00f3w<\/strong><\/td>\n<td>V7MC, V7GY, V7MB, V7ME, V7MJ, V7MM<\/td>\n<\/tr>\n<tr>\n<td><strong>Producent<\/strong><\/td>\n<td>Eberlestock (Firma weteran\u00f3w)<\/td>\n<\/tr>\n<\/table>\n","protected":false},"excerpt":{"rendered":"<p>Eberlestock FreeFall 2000 to wszechstronna, niskoprofilowa platforma zdolna pomie\u015bci\u0107 wielodniowe wyprawy z minimalnym ekwipunkiem lub jednodniowe wycieczki z pe\u0142nym wyposa\u017ceniem. Z przestronn\u0105 g\u00f3rn\u0105 klap\u0105, siedmioma wewn\u0119trznymi kieszeniami, kieszeni\u0105 na buk\u0142ak, pasami kompresyjnymi i kieszeniami na pasie biodrowym, ten plecak jest stworzony dla wymagaj\u0105cych mi\u0142o\u015bnik\u00f3w outdooru i operator\u00f3w taktycznych.<\/p>\n","protected":false},"featured_media":749549,"template":"","meta":{"_acf_changed":false},"product_brand":[15144],"product_cat":[12567],"product_tag":[],"class_list":{"0":"post-749548","1":"product","2":"type-product","3":"status-publish","4":"has-post-thumbnail","6":"product_brand-eberlestock","7":"product_cat-plecaki","9":"first","10":"outofstock","11":"taxable","12":"shipping-taxable","13":"purchasable","14":"product-type-variable","15":"wvs-archive-product-wrapper"},"acf":[],"_links":{"self":[{"href":"https:\/\/nbg.eu\/pl\/wp-json\/wp\/v2\/product\/749548","targetHints":{"allow":["GET"]}}],"collection":[{"href":"https:\/\/nbg.eu\/pl\/wp-json\/wp\/v2\/product"}],"about":[{"href":"https:\/\/nbg.eu\/pl\/wp-json\/wp\/v2\/types\/product"}],"wp:featuredmedia":[{"embeddable":true,"href":"https:\/\/nbg.eu\/pl\/wp-json\/wp\/v2\/media\/749549"}],"wp:attachment":[{"href":"https:\/\/nbg.eu\/pl\/wp-json\/wp\/v2\/media?parent=749548"}],"wp:term":[{"taxonomy":"product_brand","embeddable":true,"href":"https:\/\/nbg.eu\/pl\/wp-json\/wp\/v2\/product_brand?post=749548"},{"taxonomy":"product_cat","embeddable":true,"href":"https:\/\/nbg.eu\/pl\/wp-json\/wp\/v2\/product_cat?post=749548"},{"taxonomy":"product_tag","embeddable":true,"href":"https:\/\/nbg.eu\/pl\/wp-json\/wp\/v2\/product_tag?post=749548"}],"curies":[{"name":"wp","href":"https:\/\/api.w.org\/{rel}","templated":true}]}}

<h2>Eberlestock FreeFall 2000 Plecak</h2>
<p>Eberlestock FreeFall 2000 to wszechstronna, niskoprofilowa platforma zdolna pomieścić wielodniowe wyprawy z minimalnym ekwipunkiem lub jednodniowe wycieczki z pełnym wyposażeniem. Z przestronną górną klapą, siedmioma wewnętrznymi kieszeniami, kieszenią na bukłak, pasami kompresyjnymi i kieszeniami na pasie biodrowym, ten plecak jest stworzony dla wymagających miłośników outdooru i operatorów taktycznych.</p>
<h3>Kluczowe cechy</h3>
<ul>
<li>2000 c.i. / 32.8L capacity</li>
<li>Spacious top lid</li>
<li>Seven interior pockets</li>
<li>Water bladder sleeve</li>
<li>Compression straps</li>
<li>Hip-belt pockets</li>
<li>Aluminum frame</li>
<li>Eberlestock Lifetime Warranty</li>
</ul>
<h3>Specyfikacje</h3>
<table>
<tr>
<td><strong>Objętość</strong></td>
<td>2000 c.i. / 32.8L</td>
</tr>
<tr>
<td><strong>Waga</strong></td>
<td>4 lbs 9 oz</td>
</tr>
<tr>
<td><strong>Rama</strong></td>
<td>Aluminum</td>
</tr>
<tr>
<td><strong>Kody produktów</strong></td>
<td>V7MC, V7GY, V7MB, V7ME, V7MJ, V7MM</td>
</tr>
<tr>
<td><strong>Producent</strong></td>
<td>Eberlestock (Firma weteranów)</td>
</tr>
</table>

<p>Eberlestock FreeFall 2000 to wszechstronna, niskoprofilowa platforma zdolna pomieścić wielodniowe wyprawy z minimalnym ekwipunkiem lub jednodniowe wycieczki z pełnym wyposażeniem. Z przestronną górną klapą, siedmioma wewnętrznymi kieszeniami, kieszenią na bukłak, pasami kompresyjnymi i kieszeniami na pasie biodrowym, ten plecak jest stworzony dla wymagających miłośników outdooru i operatorów taktycznych.</p>
