{"id":749801,"date":"2026-04-24T11:17:35","date_gmt":"2026-04-24T08:17:35","guid":{"rendered":"https:\/\/nbg.eu\/product\/eberlestock-freefall-3000-plecak\/"},"modified":"2026-04-24T12:00:52","modified_gmt":"2026-04-24T09:00:52","slug":"eberlestock-freefall-3000-plecak","status":"publish","type":"product","link":"https:\/\/nbg.eu\/pl\/produkt\/eberlestock-freefall-3000-plecak\/","title":{"rendered":"Eberlestock FreeFall 3000 Plecak"},"content":{"rendered":"<h2>Eberlestock FreeFall 3000 Plecak<\/h2>\n<p>Eberlestock FreeFall 3000 to wi\u0119kszy model z serii FreeFall, oferuj\u0105cy 3000 cali sze\u015bciennych pojemno\u015bci na d\u0142u\u017csze wyprawy w terenie i wielodniowe operacje. Z tym samym sprawdzonym designem obejmuj\u0105cym wytrzyma\u0142\u0105 ram\u0119 aluminiow\u0105, siedmioma wewn\u0119trznymi kieszeniami i kompleksow\u0105 organizacj\u0105, ten plecak z \u0142atwo\u015bci\u0105 radzi sobie z ci\u0119\u017cszymi \u0142adunkami.<\/p>\n<h3>Kluczowe cechy<\/h3>\n<ul>\n<li>3000 c.i. \/ 49.2L capacity<\/li>\n<li>Spacious top lid<\/li>\n<li>Seven interior pockets<\/li>\n<li>Water bladder sleeve<\/li>\n<li>Compression straps<\/li>\n<li>Hip-belt pockets<\/li>\n<li>Aluminum frame<\/li>\n<li>Eberlestock Lifetime Warranty<\/li>\n<\/ul>\n<h3>Specyfikacje<\/h3>\n<table>\n<tr>\n<td><strong>Obj\u0119to\u015b\u0107<\/strong><\/td>\n<td>3000 c.i. \/ 49.2L<\/td>\n<\/tr>\n<tr>\n<td><strong>Waga<\/strong><\/td>\n<td>5 lbs 1 oz<\/td>\n<\/tr>\n<tr>\n<td><strong>Rama<\/strong><\/td>\n<td>Aluminum<\/td>\n<\/tr>\n<tr>\n<td><strong>Kody produkt\u00f3w<\/strong><\/td>\n<td>V8MC, V8GY, V8MB, V8ME, V8MJ, V8MM<\/td>\n<\/tr>\n<tr>\n<td><strong>Producent<\/strong><\/td>\n<td>Eberlestock (Firma weteran\u00f3w)<\/td>\n<\/tr>\n<\/table>\n","protected":false},"excerpt":{"rendered":"<p>Eberlestock FreeFall 3000 to wi\u0119kszy model z serii FreeFall, oferuj\u0105cy 3000 cali sze\u015bciennych pojemno\u015bci na d\u0142u\u017csze wyprawy w terenie i wielodniowe operacje. Z tym samym sprawdzonym designem obejmuj\u0105cym wytrzyma\u0142\u0105 ram\u0119 aluminiow\u0105, siedmioma wewn\u0119trznymi kieszeniami i kompleksow\u0105 organizacj\u0105, ten plecak z \u0142atwo\u015bci\u0105 radzi sobie z ci\u0119\u017cszymi \u0142adunkami.<\/p>\n","protected":false},"featured_media":749802,"template":"","meta":{"_acf_changed":false},"product_brand":[15144],"product_cat":[12567],"product_tag":[],"class_list":{"0":"post-749801","1":"product","2":"type-product","3":"status-publish","4":"has-post-thumbnail","6":"product_brand-eberlestock","7":"product_cat-plecaki","9":"first","10":"outofstock","11":"taxable","12":"shipping-taxable","13":"purchasable","14":"product-type-variable","15":"wvs-archive-product-wrapper"},"acf":[],"_links":{"self":[{"href":"https:\/\/nbg.eu\/pl\/wp-json\/wp\/v2\/product\/749801","targetHints":{"allow":["GET"]}}],"collection":[{"href":"https:\/\/nbg.eu\/pl\/wp-json\/wp\/v2\/product"}],"about":[{"href":"https:\/\/nbg.eu\/pl\/wp-json\/wp\/v2\/types\/product"}],"wp:featuredmedia":[{"embeddable":true,"href":"https:\/\/nbg.eu\/pl\/wp-json\/wp\/v2\/media\/749802"}],"wp:attachment":[{"href":"https:\/\/nbg.eu\/pl\/wp-json\/wp\/v2\/media?parent=749801"}],"wp:term":[{"taxonomy":"product_brand","embeddable":true,"href":"https:\/\/nbg.eu\/pl\/wp-json\/wp\/v2\/product_brand?post=749801"},{"taxonomy":"product_cat","embeddable":true,"href":"https:\/\/nbg.eu\/pl\/wp-json\/wp\/v2\/product_cat?post=749801"},{"taxonomy":"product_tag","embeddable":true,"href":"https:\/\/nbg.eu\/pl\/wp-json\/wp\/v2\/product_tag?post=749801"}],"curies":[{"name":"wp","href":"https:\/\/api.w.org\/{rel}","templated":true}]}}

<h2>Eberlestock FreeFall 3000 Plecak</h2>
<p>Eberlestock FreeFall 3000 to większy model z serii FreeFall, oferujący 3000 cali sześciennych pojemności na dłuższe wyprawy w terenie i wielodniowe operacje. Z tym samym sprawdzonym designem obejmującym wytrzymałą ramę aluminiową, siedmioma wewnętrznymi kieszeniami i kompleksową organizacją, ten plecak z łatwością radzi sobie z cięższymi ładunkami.</p>
<h3>Kluczowe cechy</h3>
<ul>
<li>3000 c.i. / 49.2L capacity</li>
<li>Spacious top lid</li>
<li>Seven interior pockets</li>
<li>Water bladder sleeve</li>
<li>Compression straps</li>
<li>Hip-belt pockets</li>
<li>Aluminum frame</li>
<li>Eberlestock Lifetime Warranty</li>
</ul>
<h3>Specyfikacje</h3>
<table>
<tr>
<td><strong>Objętość</strong></td>
<td>3000 c.i. / 49.2L</td>
</tr>
<tr>
<td><strong>Waga</strong></td>
<td>5 lbs 1 oz</td>
</tr>
<tr>
<td><strong>Rama</strong></td>
<td>Aluminum</td>
</tr>
<tr>
<td><strong>Kody produktów</strong></td>
<td>V8MC, V8GY, V8MB, V8ME, V8MJ, V8MM</td>
</tr>
<tr>
<td><strong>Producent</strong></td>
<td>Eberlestock (Firma weteranów)</td>
</tr>
</table>

<p>Eberlestock FreeFall 3000 to większy model z serii FreeFall, oferujący 3000 cali sześciennych pojemności na dłuższe wyprawy w terenie i wielodniowe operacje. Z tym samym sprawdzonym designem obejmującym wytrzymałą ramę aluminiową, siedmioma wewnętrznymi kieszeniami i kompleksową organizacją, ten plecak z łatwością radzi sobie z cięższymi ładunkami.</p>
