{"id":688785,"date":"2025-12-22T15:23:07","date_gmt":"2025-12-22T12:23:07","guid":{"rendered":"https:\/\/nbg.eu\/product\/hyllus-duffel-militar-verde-65-litros\/"},"modified":"2026-04-15T14:37:53","modified_gmt":"2026-04-15T11:37:53","slug":"hyllus-duffel-militar-verde-65-litros","status":"publish","type":"product","link":"https:\/\/nbg.eu\/pt-pt\/produto\/hyllus-duffel-militar-verde-65-litros\/","title":{"rendered":"Eberlestock Saco de Viagem Hyllus &#8211; 65 Litros"},"content":{"rendered":"<h2>Hyllus Duffel- 65 Litros<\/h2>\n<p>O Hyllus Duffel \u00e9 uma bolsa de viagem resistente \u00e0 \u00e1gua e ultra-dur\u00e1vel, perfeita para consolidar o equipamento na pick-up ou no compartimento superior. O assoalho e as paredes laterais apresentam Nylon revestido com TPU 1000D e o topo \u00e9 Nylon ripstop revestido com TPU 500D.<\/p>\n<p>Bolsos internos e externos com z\u00edper facilitam a organiza\u00e7\u00e3o de pequenos itens de forma segura, enquanto uma grande abertura para o compartimento principal permite o r\u00e1pido acondicionamento de roupas e itens grandes. O Hyllus possui uma al\u00e7a de fita para ser convenientemente presa a uma al\u00e7a telesc\u00f3pica de mala.<\/p>\n<h2>Dimens\u00f5es<\/h2>\n<p>Volume de 65 L: 3966ci<br \/>\nPeso de 65 L: 2,5 lb<br \/>\nDimens\u00f5es de 65 L: 11H x 27L x 13L<\/p>\n<h2>Recursos<\/h2>\n<p>Constru\u00e7\u00e3o resistente \u00e0 \u00e1gua<br \/>\nCompartimento principal grande com bolsos internos com z\u00edper para organiza\u00e7\u00e3o<br \/>\nBolsos externos com z\u00edper em ambos os lados e na frente<br \/>\nAl\u00e7as de transporte da bolsa<\/p>\n","protected":false},"excerpt":{"rendered":"<p>O Hyllus Duffel- 65 Litros \u00e9 uma bolsa de viagem resistente \u00e0 \u00e1gua e ultra-dur\u00e1vel com volume de 3966ci, pesando 2,5Lb.<\/p>\n","protected":false},"featured_media":688857,"template":"","meta":{"_acf_changed":false},"product_brand":[15145],"product_cat":[12477],"product_tag":[],"class_list":{"0":"post-688785","1":"product","2":"type-product","3":"status-publish","4":"has-post-thumbnail","6":"product_brand-eberlestock","7":"product_cat-sacos-de-tiro","9":"first","10":"instock","11":"taxable","12":"shipping-taxable","13":"purchasable","14":"product-type-variable","15":"wvs-archive-product-wrapper"},"acf":[],"_links":{"self":[{"href":"https:\/\/nbg.eu\/pt-pt\/wp-json\/wp\/v2\/product\/688785","targetHints":{"allow":["GET"]}}],"collection":[{"href":"https:\/\/nbg.eu\/pt-pt\/wp-json\/wp\/v2\/product"}],"about":[{"href":"https:\/\/nbg.eu\/pt-pt\/wp-json\/wp\/v2\/types\/product"}],"wp:featuredmedia":[{"embeddable":true,"href":"https:\/\/nbg.eu\/pt-pt\/wp-json\/wp\/v2\/media\/688857"}],"wp:attachment":[{"href":"https:\/\/nbg.eu\/pt-pt\/wp-json\/wp\/v2\/media?parent=688785"}],"wp:term":[{"taxonomy":"product_brand","embeddable":true,"href":"https:\/\/nbg.eu\/pt-pt\/wp-json\/wp\/v2\/product_brand?post=688785"},{"taxonomy":"product_cat","embeddable":true,"href":"https:\/\/nbg.eu\/pt-pt\/wp-json\/wp\/v2\/product_cat?post=688785"},{"taxonomy":"product_tag","embeddable":true,"href":"https:\/\/nbg.eu\/pt-pt\/wp-json\/wp\/v2\/product_tag?post=688785"}],"curies":[{"name":"wp","href":"https:\/\/api.w.org\/{rel}","templated":true}]}}

<h2>Hyllus Duffel- 65 Litros</h2>
<p>O Hyllus Duffel é uma bolsa de viagem resistente à água e ultra-durável, perfeita para consolidar o equipamento na pick-up ou no compartimento superior. O assoalho e as paredes laterais apresentam Nylon revestido com TPU 1000D e o topo é Nylon ripstop revestido com TPU 500D.</p>
<p>Bolsos internos e externos com zíper facilitam a organização de pequenos itens de forma segura, enquanto uma grande abertura para o compartimento principal permite o rápido acondicionamento de roupas e itens grandes. O Hyllus possui uma alça de fita para ser convenientemente presa a uma alça telescópica de mala.</p>
<h2>Dimensões</h2>
<p>Volume de 65 L: 3966ci<br />
Peso de 65 L: 2,5 lb<br />
Dimensões de 65 L: 11H x 27L x 13L</p>
<h2>Recursos</h2>
<p>Construção resistente à água<br />
Compartimento principal grande com bolsos internos com zíper para organização<br />
Bolsos externos com zíper em ambos os lados e na frente<br />
Alças de transporte da bolsa</p>

<p>O Hyllus Duffel- 65 Litros é uma bolsa de viagem resistente à água e ultra-durável com volume de 3966ci, pesando 2,5Lb.</p>
