{"id":688921,"date":"2025-12-22T15:33:09","date_gmt":"2025-12-22T12:33:09","guid":{"rendered":"https:\/\/nbg.eu\/product\/hyllus-duffel-militar-verde-45-litros\/"},"modified":"2026-04-15T14:37:49","modified_gmt":"2026-04-15T11:37:49","slug":"hyllus-duffel-militar-verde-45-litros","status":"publish","type":"product","link":"https:\/\/nbg.eu\/pt-pt\/produto\/hyllus-duffel-militar-verde-45-litros\/","title":{"rendered":"Eberlestock Saco de Viagem Hyllus &#8211; 45 Litros"},"content":{"rendered":"<h2>Hyllus Duffel &#8211; 45 Litros<\/h2>\n<p>O Hyllus Duffel \u00e9 uma bolsa de viagem resistente \u00e0 \u00e1gua e ultra-resistente, perfeita para consolidar o equipamento na pick-up ou na bagagem de m\u00e3o. O fundo e as paredes laterais apresentam revestimento de Nylon 1000D TPU e o topo \u00e9 de Nylon ripstop revestido de TPU 500D.<\/p>\n<p>Bolsos internos e externos com z\u00edper facilitam a organiza\u00e7\u00e3o e a seguran\u00e7a de pequenos itens, enquanto uma grande abertura para o compartimento principal permite a r\u00e1pida arruma\u00e7\u00e3o de roupas e itens grandes. O Hyllus possui uma al\u00e7a de fita para fix\u00e1-lo convenientemente ao puxador telesc\u00f3pico da bagagem.<\/p>\n<h2>Dimens\u00f5es<\/h2>\n<p>Volume de 45L: 2746ci<br \/>\nPeso de 45L: 2Lb<br \/>\nDimens\u00f5es de 45L: 10Hx22Lx12W<\/p>\n<h2>Caracter\u00edsticas<\/h2>\n<ul>\n<li>Constru\u00e7\u00e3o resistente \u00e0 \u00e1gua<\/li>\n<li>Compartimento principal grande com bolsos internos com z\u00edper para organiza\u00e7\u00e3o<\/li>\n<li>Bolsos externos com z\u00edper em ambos os lados e na frente<\/li>\n<li>Al\u00e7as de transporte de bolsa de viagem<\/li>\n<\/ul>\n","protected":false},"excerpt":{"rendered":"<p>A bolsa de lona Hyllus \u00e9 uma bolsa de 45 litros resistente \u00e0 \u00e1gua e ultra-resistente, perfeita para guardar equipamentos na caminhonete ou na bagagem de m\u00e3o.<\/p>\n","protected":false},"featured_media":705374,"template":"","meta":{"_acf_changed":false},"product_brand":[15145],"product_cat":[12477],"product_tag":[],"class_list":{"0":"post-688921","1":"product","2":"type-product","3":"status-publish","4":"has-post-thumbnail","6":"product_brand-eberlestock","7":"product_cat-sacos-de-tiro","9":"first","10":"instock","11":"taxable","12":"shipping-taxable","13":"purchasable","14":"product-type-variable","15":"wvs-archive-product-wrapper"},"acf":[],"_links":{"self":[{"href":"https:\/\/nbg.eu\/pt-pt\/wp-json\/wp\/v2\/product\/688921","targetHints":{"allow":["GET"]}}],"collection":[{"href":"https:\/\/nbg.eu\/pt-pt\/wp-json\/wp\/v2\/product"}],"about":[{"href":"https:\/\/nbg.eu\/pt-pt\/wp-json\/wp\/v2\/types\/product"}],"wp:featuredmedia":[{"embeddable":true,"href":"https:\/\/nbg.eu\/pt-pt\/wp-json\/wp\/v2\/media\/705374"}],"wp:attachment":[{"href":"https:\/\/nbg.eu\/pt-pt\/wp-json\/wp\/v2\/media?parent=688921"}],"wp:term":[{"taxonomy":"product_brand","embeddable":true,"href":"https:\/\/nbg.eu\/pt-pt\/wp-json\/wp\/v2\/product_brand?post=688921"},{"taxonomy":"product_cat","embeddable":true,"href":"https:\/\/nbg.eu\/pt-pt\/wp-json\/wp\/v2\/product_cat?post=688921"},{"taxonomy":"product_tag","embeddable":true,"href":"https:\/\/nbg.eu\/pt-pt\/wp-json\/wp\/v2\/product_tag?post=688921"}],"curies":[{"name":"wp","href":"https:\/\/api.w.org\/{rel}","templated":true}]}}

<h2>Hyllus Duffel &#8211; 45 Litros</h2>
<p>O Hyllus Duffel é uma bolsa de viagem resistente à água e ultra-resistente, perfeita para consolidar o equipamento na pick-up ou na bagagem de mão. O fundo e as paredes laterais apresentam revestimento de Nylon 1000D TPU e o topo é de Nylon ripstop revestido de TPU 500D.</p>
<p>Bolsos internos e externos com zíper facilitam a organização e a segurança de pequenos itens, enquanto uma grande abertura para o compartimento principal permite a rápida arrumação de roupas e itens grandes. O Hyllus possui uma alça de fita para fixá-lo convenientemente ao puxador telescópico da bagagem.</p>
<h2>Dimensões</h2>
<p>Volume de 45L: 2746ci<br />
Peso de 45L: 2Lb<br />
Dimensões de 45L: 10Hx22Lx12W</p>
<h2>Características</h2>
<ul>
<li>Construção resistente à água</li>
<li>Compartimento principal grande com bolsos internos com zíper para organização</li>
<li>Bolsos externos com zíper em ambos os lados e na frente</li>
<li>Alças de transporte de bolsa de viagem</li>
</ul>

<p>A bolsa de lona Hyllus é uma bolsa de 45 litros resistente à água e ultra-resistente, perfeita para guardar equipamentos na caminhonete ou na bagagem de mão.</p>
