{"id":701812,"date":"2025-12-23T11:39:12","date_gmt":"2025-12-23T08:39:12","guid":{"rendered":"https:\/\/nbg.eu\/product\/incalzitor-de-mana\/"},"modified":"2026-04-15T14:38:38","modified_gmt":"2026-04-15T11:38:38","slug":"incalzitor-de-mana","status":"publish","type":"product","link":"https:\/\/nbg.eu\/ro\/produs\/incalzitor-de-mana\/","title":{"rendered":"Eberlestock \u00cenc\u0103lzitor de M\u00e2ini Recon"},"content":{"rendered":"<h2>M\u0103nu\u0219a de \u00eenc\u0103lzire Recon: C\u0103ldur\u0103 f\u0103r\u0103 efort pentru aventurile \u00een aer liber<\/h2>\n<p>\u00cenc\u0103lzirea m\u00e2inilor f\u0103r\u0103 a compromite dexteritatea a devenit mai u\u0219oar\u0103 ca niciodat\u0103 cu M\u0103nu\u0219a de \u00eenc\u0103lzire Recon. Acest accesoriu inovator se ata\u0219eaz\u0103 f\u0103r\u0103 probleme la Hamul modular Recon pentru binocluri, permi\u021b\u00e2ndu-v\u0103 s\u0103 men\u021bine\u021bi o pozi\u021bie optim\u0103 a m\u00e2inilor pentru confort, fie c\u0103 sta\u021bi sau sunte\u021bi \u00een picioare. M\u0103nu\u0219a de \u00eenc\u0103lzire Recon elimin\u0103 nevoia pentru m\u0103nu\u0219i voluminoase, asigur\u00e2ndu-v\u0103 c\u0103 pute\u021bi efectua \u00een continuare sarcini de motricitate fin\u0103 cu u\u0219urin\u021b\u0103.<\/p>\n<p>Pentru o mai mare comoditate, M\u0103nu\u0219a de \u00eenc\u0103lzire Recon are o buzunar frontal cu fermoar \u00een care pute\u021bi depozita \u00eenc\u0103lzitoare suplimentare activate de aer. Acest lucru v\u0103 permite s\u0103 utiliza\u021bi m\u0103nu\u0219a de \u00eenc\u0103lzire independent de Hamul modular Recon pentru binocluri, oferindu-v\u0103 o surs\u0103 fiabil\u0103 de c\u0103ldur\u0103 indiferent de activitate sau mediu. Cureaua de talie inclus\u0103 asigur\u0103 o potrivire sigur\u0103 \u0219i confortabil\u0103, men\u021bin\u00e2ndu-v\u0103 m\u00e2inile \u00een pozi\u021bia perfect\u0103 pentru eficien\u021b\u0103 \u0219i confort maxime.<\/p>\n<p>Fie c\u0103 observa\u021bi p\u0103s\u0103ri, v\u00e2na\u021bi sau pur \u0219i simplu v\u0103 bucura\u021bi de natur\u0103, M\u0103nu\u0219a de \u00eenc\u0103lzire Recon este un companion ideal pentru a v\u0103 men\u021bine m\u00e2inile calde \u0219i degetele agile. Experimenta\u021bi confortul \u0219i comoditatea maxime \u00een aer liber cu acest accesoriu versatil \u0219i inovator.<\/p>\n","protected":false},"excerpt":{"rendered":"<p>\u00cenc\u0103lzitor de m\u00e2ini Recon men\u021bine m\u00e2inile calde f\u0103r\u0103 m\u0103nu\u0219i, se ata\u0219eaz\u0103 la hamul Recon.<\/p>\n","protected":false},"featured_media":701841,"template":"","meta":{"_acf_changed":false},"product_brand":[15156],"product_cat":[12803],"product_tag":[],"class_list":{"0":"post-701812","1":"product","2":"type-product","3":"status-publish","4":"has-post-thumbnail","6":"product_brand-eberlestock","7":"product_cat-echipament","9":"first","10":"instock","11":"taxable","12":"shipping-taxable","13":"purchasable","14":"product-type-variable","15":"wvs-archive-product-wrapper"},"acf":[],"_links":{"self":[{"href":"https:\/\/nbg.eu\/ro\/wp-json\/wp\/v2\/product\/701812","targetHints":{"allow":["GET"]}}],"collection":[{"href":"https:\/\/nbg.eu\/ro\/wp-json\/wp\/v2\/product"}],"about":[{"href":"https:\/\/nbg.eu\/ro\/wp-json\/wp\/v2\/types\/product"}],"wp:featuredmedia":[{"embeddable":true,"href":"https:\/\/nbg.eu\/ro\/wp-json\/wp\/v2\/media\/701841"}],"wp:attachment":[{"href":"https:\/\/nbg.eu\/ro\/wp-json\/wp\/v2\/media?parent=701812"}],"wp:term":[{"taxonomy":"product_brand","embeddable":true,"href":"https:\/\/nbg.eu\/ro\/wp-json\/wp\/v2\/product_brand?post=701812"},{"taxonomy":"product_cat","embeddable":true,"href":"https:\/\/nbg.eu\/ro\/wp-json\/wp\/v2\/product_cat?post=701812"},{"taxonomy":"product_tag","embeddable":true,"href":"https:\/\/nbg.eu\/ro\/wp-json\/wp\/v2\/product_tag?post=701812"}],"curies":[{"name":"wp","href":"https:\/\/api.w.org\/{rel}","templated":true}]}}

Eberlestock Încălzitor de Mâini Recon

<h2>Mănușa de încălzire Recon: Căldură fără efort pentru aventurile în aer liber</h2>
<p>Încălzirea mâinilor fără a compromite dexteritatea a devenit mai ușoară ca niciodată cu Mănușa de încălzire Recon. Acest accesoriu inovator se atașează fără probleme la Hamul modular Recon pentru binocluri, permițându-vă să mențineți o poziție optimă a mâinilor pentru confort, fie că stați sau sunteți în picioare. Mănușa de încălzire Recon elimină nevoia pentru mănuși voluminoase, asigurându-vă că puteți efectua în continuare sarcini de motricitate fină cu ușurință.</p>
<p>Pentru o mai mare comoditate, Mănușa de încălzire Recon are o buzunar frontal cu fermoar în care puteți depozita încălzitoare suplimentare activate de aer. Acest lucru vă permite să utilizați mănușa de încălzire independent de Hamul modular Recon pentru binocluri, oferindu-vă o sursă fiabilă de căldură indiferent de activitate sau mediu. Cureaua de talie inclusă asigură o potrivire sigură și confortabilă, menținându-vă mâinile în poziția perfectă pentru eficiență și confort maxime.</p>
<p>Fie că observați păsări, vânați sau pur și simplu vă bucurați de natură, Mănușa de încălzire Recon este un companion ideal pentru a vă menține mâinile calde și degetele agile. Experimentați confortul și comoditatea maxime în aer liber cu acest accesoriu versatil și inovator.</p>

<p>Încălzitor de mâini Recon menține mâinile calde fără mănuși, se atașează la hamul Recon.</p>
