{"id":704059,"date":"2025-12-23T12:03:47","date_gmt":"2025-12-23T09:03:47","guid":{"rendered":"https:\/\/nbg.eu\/product\/bando-taska\/"},"modified":"2026-04-15T14:40:07","modified_gmt":"2026-04-15T11:40:07","slug":"bando-taska","status":"publish","type":"product","link":"https:\/\/nbg.eu\/sk\/produkt\/bando-taska\/","title":{"rendered":"Eberlestock Ta\u0161ka Bando"},"content":{"rendered":"<h2>Bando ta\u0161ka: Pohodln\u00e1 a \u013eahk\u00e1 EDC preprava<\/h2>\n<p>Bando ta\u0161ka je \u013eahk\u00fd a pohodln\u00fd sp\u00f4sob prepravy va\u0161ich EDC predmetov. \u00daplne zap\u00ednate\u013en\u00e1 zadn\u00e1 vrecko na Bando meria 5.5&#8243; v. x 9.5&#8243; \u0161. x 1&#8243; h., dostato\u010dne ve\u013ek\u00e9 na zabezpe\u010denie v\u00e4\u010d\u0161iny subkompaktn\u00fdch a kompaktn\u00fdch bo\u010dn\u00fdch zbran\u00ed ako Glock-19 a podobn\u00fdch ve\u013ekost\u00ed. Hlavn\u00fd priestor m\u00e1 vn\u00fatorn\u00e9 zipov\u00e9 sie\u0165ovan\u00e9 vrecko a dve vreck\u00e1 na ulo\u017eenie. Mal\u00e9 zipov\u00e9 predn\u00e9 vrecko je ide\u00e1lne na k\u013e\u00fa\u010de, k\u00e1ble alebo in\u00e9 mal\u00e9 predmety. D\u013a\u017eka opasku je nastavite\u013en\u00e1 od 31.5&#8243; do 44&#8243;.<\/p>\n<h2>K\u013e\u00fa\u010dov\u00e9 vlastnosti<\/h2>\n<ul>\n<li>\u00daplne zap\u00ednate\u013en\u00e9 zadn\u00e9 vrecko<\/li>\n<li>Vn\u00fatorn\u00e9 zipov\u00e9 sie\u0165ovan\u00e9 vrecko<\/li>\n<li>Dva vn\u00fatorn\u00e9 priehradky<\/li>\n<li>Mal\u00e9 zipov\u00e9 predn\u00e9 vrecko<\/li>\n<li>Nastavite\u013en\u00fd opasok (31.5&#8243; &#8211; 44&#8243;)<\/li>\n<li>Integrovan\u00fd ruk\u00e1v na pohodln\u00e9 nosenie tourniketu<\/li>\n<\/ul>\n","protected":false},"excerpt":{"rendered":"<p>Bra\u0161na Bando je \u013eahk\u00fd a pohodln\u00fd sp\u00f4sob prepravy va\u0161ich predmetov ka\u017edodennej potreby. Zmest\u00ed sa do nej v\u00e4\u010d\u0161ina kompaktn\u00fdch aj plnorozmern\u00fdch bo\u010dn\u00fdch zbran\u00ed.<\/p>\n","protected":false},"featured_media":704111,"template":"","meta":{"_acf_changed":false},"product_brand":[15143],"product_cat":[13337],"product_tag":[],"class_list":{"0":"post-704059","1":"product","2":"type-product","3":"status-publish","4":"has-post-thumbnail","6":"product_brand-eberlestock","7":"product_cat-strelecke-tasky","9":"first","10":"instock","11":"taxable","12":"shipping-taxable","13":"purchasable","14":"product-type-variable","15":"wvs-archive-product-wrapper"},"acf":[],"_links":{"self":[{"href":"https:\/\/nbg.eu\/sk\/wp-json\/wp\/v2\/product\/704059","targetHints":{"allow":["GET"]}}],"collection":[{"href":"https:\/\/nbg.eu\/sk\/wp-json\/wp\/v2\/product"}],"about":[{"href":"https:\/\/nbg.eu\/sk\/wp-json\/wp\/v2\/types\/product"}],"wp:featuredmedia":[{"embeddable":true,"href":"https:\/\/nbg.eu\/sk\/wp-json\/wp\/v2\/media\/704111"}],"wp:attachment":[{"href":"https:\/\/nbg.eu\/sk\/wp-json\/wp\/v2\/media?parent=704059"}],"wp:term":[{"taxonomy":"product_brand","embeddable":true,"href":"https:\/\/nbg.eu\/sk\/wp-json\/wp\/v2\/product_brand?post=704059"},{"taxonomy":"product_cat","embeddable":true,"href":"https:\/\/nbg.eu\/sk\/wp-json\/wp\/v2\/product_cat?post=704059"},{"taxonomy":"product_tag","embeddable":true,"href":"https:\/\/nbg.eu\/sk\/wp-json\/wp\/v2\/product_tag?post=704059"}],"curies":[{"name":"wp","href":"https:\/\/api.w.org\/{rel}","templated":true}]}}

Eberlestock Taška Bando

<h2>Bando taška: Pohodlná a ľahká EDC preprava</h2>
<p>Bando taška je ľahký a pohodlný spôsob prepravy vašich EDC predmetov. Úplne zapínateľná zadná vrecko na Bando meria 5.5&#8243; v. x 9.5&#8243; š. x 1&#8243; h., dostatočne veľké na zabezpečenie väčšiny subkompaktných a kompaktných bočných zbraní ako Glock-19 a podobných veľkostí. Hlavný priestor má vnútorné zipové sieťované vrecko a dve vrecká na uloženie. Malé zipové predné vrecko je ideálne na kľúče, káble alebo iné malé predmety. Dĺžka opasku je nastaviteľná od 31.5&#8243; do 44&#8243;.</p>
<h2>Kľúčové vlastnosti</h2>
<ul>
<li>Úplne zapínateľné zadné vrecko</li>
<li>Vnútorné zipové sieťované vrecko</li>
<li>Dva vnútorné priehradky</li>
<li>Malé zipové predné vrecko</li>
<li>Nastaviteľný opasok (31.5&#8243; &#8211; 44&#8243;)</li>
<li>Integrovaný rukáv na pohodlné nosenie tourniketu</li>
</ul>

<p>Brašna Bando je ľahký a pohodlný spôsob prepravy vašich predmetov každodennej potreby. Zmestí sa do nej väčšina kompaktných aj plnorozmerných bočných zbraní.</p>
