{"id":688915,"date":"2025-12-22T15:33:09","date_gmt":"2025-12-22T12:33:09","guid":{"rendered":"https:\/\/nbg.eu\/product\/hyllus-duffel-militargron-45-liter\/"},"modified":"2026-04-15T14:46:40","modified_gmt":"2026-04-15T11:46:40","slug":"hyllus-duffel-militargron-45-liter","status":"publish","type":"product","link":"https:\/\/nbg.eu\/sv\/produkt\/hyllus-duffel-militargron-45-liter\/","title":{"rendered":"Eberlestock Duffelv\u00e4ska Hyllus &#8211; 45 Liter"},"content":{"rendered":"<h2>Hyllus Duffel &#8211; 45 Liter<\/h2>\n<p>Hyllus Duffel \u00e4r en vattent\u00e5lig och extremt h\u00e5llbar duffelbag perfekt f\u00f6r att samla ihop utrustning i pickup-lastboxen eller i \u00f6verhandsboxen.<\/p>\n<p>Botten och sidov\u00e4ggar \u00e4r tillverkade av 1000D TPU-belagd nylon, och ovandelen \u00e4r tillverkad av 500D TPU-belagd nylonripstopp.<\/p>\n<p>Interna och externa dragkedjefickor g\u00f6r att sm\u00e5 f\u00f6rem\u00e5l kan organiseras enkelt och s\u00e4kert, medan en stor \u00f6ppning i huvudfacket m\u00f6jligg\u00f6r snabb f\u00f6rvaring av kl\u00e4der och stora f\u00f6rem\u00e5l. Hyllus har \u00e4ven en remband f\u00f6r att praktiskt kunna f\u00e4stas p\u00e5 en teleskopisk resv\u00e4skestel.<\/p>\n<h2>M\u00e5tt<\/h2>\n<p>45L Volym: 2746ci<br \/>\n45L Vikt: 2Lb<br \/>\n45L M\u00e5tt: 10Hx22Lx12W<\/p>\n<h2>Funktioner<\/h2>\n<ul>\n<li>Vattent\u00e5lig konstruktion<\/li>\n<li>Stort huvudfack med dragkedjefickor f\u00f6r inre organisering<\/li>\n<li>Externa dragkedjefickor p\u00e5 b\u00e5da sidor och framsida<\/li>\n<li>Duffelb\u00e4rhandtag<\/li>\n<\/ul>\n","protected":false},"excerpt":{"rendered":"<p>Hyllus-duffeln \u00e4r en vattent\u00e5lig, extremt h\u00e5llbar 45-liters v\u00e4ska perfekt f\u00f6r utrustning i bilen eller i overhead-bagageutrymmet.<\/p>\n","protected":false},"featured_media":705378,"template":"","meta":{"_acf_changed":false},"product_brand":[15158],"product_cat":[12993],"product_tag":[],"class_list":{"0":"post-688915","1":"product","2":"type-product","3":"status-publish","4":"has-post-thumbnail","6":"product_brand-eberlestock","7":"product_cat-skjutvaeskor","9":"first","10":"instock","11":"taxable","12":"shipping-taxable","13":"purchasable","14":"product-type-variable","15":"wvs-archive-product-wrapper"},"acf":[],"_links":{"self":[{"href":"https:\/\/nbg.eu\/sv\/wp-json\/wp\/v2\/product\/688915","targetHints":{"allow":["GET"]}}],"collection":[{"href":"https:\/\/nbg.eu\/sv\/wp-json\/wp\/v2\/product"}],"about":[{"href":"https:\/\/nbg.eu\/sv\/wp-json\/wp\/v2\/types\/product"}],"wp:featuredmedia":[{"embeddable":true,"href":"https:\/\/nbg.eu\/sv\/wp-json\/wp\/v2\/media\/705378"}],"wp:attachment":[{"href":"https:\/\/nbg.eu\/sv\/wp-json\/wp\/v2\/media?parent=688915"}],"wp:term":[{"taxonomy":"product_brand","embeddable":true,"href":"https:\/\/nbg.eu\/sv\/wp-json\/wp\/v2\/product_brand?post=688915"},{"taxonomy":"product_cat","embeddable":true,"href":"https:\/\/nbg.eu\/sv\/wp-json\/wp\/v2\/product_cat?post=688915"},{"taxonomy":"product_tag","embeddable":true,"href":"https:\/\/nbg.eu\/sv\/wp-json\/wp\/v2\/product_tag?post=688915"}],"curies":[{"name":"wp","href":"https:\/\/api.w.org\/{rel}","templated":true}]}}

Eberlestock Duffelväska Hyllus &#8211; 45 Liter

<h2>Hyllus Duffel &#8211; 45 Liter</h2>
<p>Hyllus Duffel är en vattentålig och extremt hållbar duffelbag perfekt för att samla ihop utrustning i pickup-lastboxen eller i överhandsboxen.</p>
<p>Botten och sidoväggar är tillverkade av 1000D TPU-belagd nylon, och ovandelen är tillverkad av 500D TPU-belagd nylonripstopp.</p>
<p>Interna och externa dragkedjefickor gör att små föremål kan organiseras enkelt och säkert, medan en stor öppning i huvudfacket möjliggör snabb förvaring av kläder och stora föremål. Hyllus har även en remband för att praktiskt kunna fästas på en teleskopisk resväskestel.</p>
<h2>Mått</h2>
<p>45L Volym: 2746ci<br />
45L Vikt: 2Lb<br />
45L Mått: 10Hx22Lx12W</p>
<h2>Funktioner</h2>
<ul>
<li>Vattentålig konstruktion</li>
<li>Stort huvudfack med dragkedjefickor för inre organisering</li>
<li>Externa dragkedjefickor på båda sidor och framsida</li>
<li>Duffelbärhandtag</li>
</ul>

<p>Hyllus-duffeln är en vattentålig, extremt hållbar 45-liters väska perfekt för utrustning i bilen eller i overhead-bagageutrymmet.</p>
