{"id":696850,"date":"2025-12-22T15:47:55","date_gmt":"2025-12-22T12:47:55","guid":{"rendered":"https:\/\/nbg.eu\/product\/uppdrag-arc-multicam\/"},"modified":"2026-04-15T14:46:30","modified_gmt":"2026-04-15T11:46:30","slug":"uppdrag-arc-multicam","status":"publish","type":"product","link":"https:\/\/nbg.eu\/sv\/produkt\/uppdrag-arc-multicam\/","title":{"rendered":"Eberlestock Mission ARC &#8211; Multicam"},"content":{"rendered":"<h2>Mission ARC-Multicam: Optimerad b\u00e4rare f\u00f6r operativ effektivitet<\/h2>\n<p>Mission Adjustable Rifle Carrier (ARC) \u00e4r en funktionell resurs f\u00f6r yrkespersoner som beh\u00f6ver b\u00e4ra ytterligare tillg\u00e5ngar i f\u00e4lt. ARC \u00f6kar den operativa kapaciteten och \u00e4r konstruerad f\u00f6r att paras ihop med Mission EMOD-ramen och Mission Zipper Extension. Genom att f\u00e4stas p\u00e5 baksidan av Mission-ramen via MOLLE-v\u00e4vning fungerar ARC som en b\u00e4rare f\u00f6r precisionsvapen, AR-plattformar och kan transportera annan viktig utrustning f\u00f6r uppdraget.<\/p>\n<p>Framg\u00e5ng i uppdraget beror p\u00e5 precis timing, noggrannhet och effektiv anv\u00e4ndning av tillg\u00e4ngliga resurser. ARC byggdes f\u00f6r att st\u00f6dja utrustningskrav i alla milj\u00f6er. Med 500D-tyg, en justerbar bas, MOLLE-v\u00e4vning, f\u00e4stremmar och en f\u00f6rst\u00e4rkt Hypalon-bas \u00e4r Mission ARC-Multicam utformad f\u00f6r att optimera organisering och tillg\u00e4nglighet av utrustning i f\u00e4lt.<\/p>\n<p>M\u00e5tt: 15&#8243; H x 3&#8243; B<\/p>\n","protected":false},"excerpt":{"rendered":"<p>Missionen ARC-Multicam \u00e4r en funktionell, justerbar vapenb\u00e4rare som s\u00e4kras till Missionen EMOD-ramen, vilket m\u00f6jligg\u00f6r transport av precisions- och AR-vapensystem samt utrustning av avg\u00f6rande betydelse f\u00f6r uppdraget.<\/p>\n","protected":false},"featured_media":696893,"template":"","meta":{"_acf_changed":false},"product_brand":[15158],"product_cat":[12997],"product_tag":[],"class_list":{"0":"post-696850","1":"product","2":"type-product","3":"status-publish","4":"has-post-thumbnail","6":"product_brand-eberlestock","7":"product_cat-ryggsaeckar","9":"first","10":"instock","11":"taxable","12":"shipping-taxable","13":"purchasable","14":"product-type-variable","15":"wvs-archive-product-wrapper"},"acf":[],"_links":{"self":[{"href":"https:\/\/nbg.eu\/sv\/wp-json\/wp\/v2\/product\/696850","targetHints":{"allow":["GET"]}}],"collection":[{"href":"https:\/\/nbg.eu\/sv\/wp-json\/wp\/v2\/product"}],"about":[{"href":"https:\/\/nbg.eu\/sv\/wp-json\/wp\/v2\/types\/product"}],"wp:featuredmedia":[{"embeddable":true,"href":"https:\/\/nbg.eu\/sv\/wp-json\/wp\/v2\/media\/696893"}],"wp:attachment":[{"href":"https:\/\/nbg.eu\/sv\/wp-json\/wp\/v2\/media?parent=696850"}],"wp:term":[{"taxonomy":"product_brand","embeddable":true,"href":"https:\/\/nbg.eu\/sv\/wp-json\/wp\/v2\/product_brand?post=696850"},{"taxonomy":"product_cat","embeddable":true,"href":"https:\/\/nbg.eu\/sv\/wp-json\/wp\/v2\/product_cat?post=696850"},{"taxonomy":"product_tag","embeddable":true,"href":"https:\/\/nbg.eu\/sv\/wp-json\/wp\/v2\/product_tag?post=696850"}],"curies":[{"name":"wp","href":"https:\/\/api.w.org\/{rel}","templated":true}]}}

<h2>Mission ARC-Multicam: Optimerad bärare för operativ effektivitet</h2>
<p>Mission Adjustable Rifle Carrier (ARC) är en funktionell resurs för yrkespersoner som behöver bära ytterligare tillgångar i fält. ARC ökar den operativa kapaciteten och är konstruerad för att paras ihop med Mission EMOD-ramen och Mission Zipper Extension. Genom att fästas på baksidan av Mission-ramen via MOLLE-vävning fungerar ARC som en bärare för precisionsvapen, AR-plattformar och kan transportera annan viktig utrustning för uppdraget.</p>
<p>Framgång i uppdraget beror på precis timing, noggrannhet och effektiv användning av tillgängliga resurser. ARC byggdes för att stödja utrustningskrav i alla miljöer. Med 500D-tyg, en justerbar bas, MOLLE-vävning, fästremmar och en förstärkt Hypalon-bas är Mission ARC-Multicam utformad för att optimera organisering och tillgänglighet av utrustning i fält.</p>
<p>Mått: 15&#8243; H x 3&#8243; B</p>

<p>Missionen ARC-Multicam är en funktionell, justerbar vapenbärare som säkras till Missionen EMOD-ramen, vilket möjliggör transport av precisions- och AR-vapensystem samt utrustning av avgörande betydelse för uppdraget.</p>
