{"id":750283,"date":"2026-04-24T11:17:44","date_gmt":"2026-04-24T08:17:44","guid":{"rendered":"https:\/\/nbg.eu\/product\/eberlestock-spectre-ryggsack-multicam\/"},"modified":"2026-04-24T12:03:00","modified_gmt":"2026-04-24T09:03:00","slug":"eberlestock-spectre-ryggsack-multicam","status":"publish","type":"product","link":"https:\/\/nbg.eu\/sv\/produkt\/eberlestock-spectre-ryggsack-multicam\/","title":{"rendered":"Eberlestock Spectre Ryggs\u00e4ck &#8211; Multicam"},"content":{"rendered":"<h2>Eberlestock Spectre Ryggs\u00e4ck<\/h2>\n<p>Eberlestock Spectre \u00e4r den mest innovativa och m\u00e5ngsidiga krypskytte-ryggs\u00e4cken i Eberlestock-sortimentet och omdefinierar kapaciteten f\u00f6r precisionsstridsutrustning. Med 3100 kubiktum kapacitet, integrerat vapenfodral och omfattande organisationsfunktioner \u00e4r Spectre byggd f\u00f6r operat\u00f6rer som kr\u00e4ver h\u00f6gsta prestandaniv\u00e5 fr\u00e5n sin utrustning.<\/p>\n<h3>Nyckelfunktioner<\/h3>\n<ul>\n<li>3,100 c.i. \/ 50.8L capacity<\/li>\n<li>Integrated rifle scabbard (34&#8243;)<\/li>\n<li>Full MOLLE\/PALS webbing<\/li>\n<li>Adjustable torso length<\/li>\n<li>Hydration compatible<\/li>\n<li>Eberlestock Lifetime Warranty<\/li>\n<\/ul>\n<h3>Specifikationer<\/h3>\n<table>\n<tr>\n<td><strong>Kapacitet<\/strong><\/td>\n<td>3,100 c.i. \/ 50.8L<\/td>\n<\/tr>\n<tr>\n<td><strong>Vikt<\/strong><\/td>\n<td>6 lbs 6 oz<\/td>\n<\/tr>\n<tr>\n<td><strong>Dimensioner<\/strong><\/td>\n<td>23&#8243; x 12&#8243; (Scabbard: 34&#8243;)<\/td>\n<\/tr>\n<tr>\n<td><strong>Artikelnummer<\/strong><\/td>\n<td>W2MM, W2ME, W2MC, W2MJ<\/td>\n<\/tr>\n<tr>\n<td><strong>Tillverkare<\/strong><\/td>\n<td>Eberlestock (Veteran\u00e4gt f\u00f6retag)<\/td>\n<\/tr>\n<\/table>\n","protected":false},"excerpt":{"rendered":"<p>Eberlestock Spectre \u00e4r den mest innovativa och m\u00e5ngsidiga krypskytte-ryggs\u00e4cken i Eberlestock-sortimentet och omdefinierar kapaciteten f\u00f6r precisionsstridsutrustning. Med 3100 kubiktum kapacitet, integrerat vapenfodral och omfattande organisationsfunktioner \u00e4r Spectre byggd f\u00f6r operat\u00f6rer som kr\u00e4ver h\u00f6gsta prestandaniv\u00e5 fr\u00e5n sin utrustning.<\/p>\n","protected":false},"featured_media":750284,"template":"","meta":{"_acf_changed":false},"product_brand":[15158],"product_cat":[12997],"product_tag":[],"class_list":{"0":"post-750283","1":"product","2":"type-product","3":"status-publish","4":"has-post-thumbnail","6":"product_brand-eberlestock","7":"product_cat-ryggsaeckar","9":"first","10":"outofstock","11":"taxable","12":"shipping-taxable","13":"purchasable","14":"product-type-simple"},"acf":[],"_links":{"self":[{"href":"https:\/\/nbg.eu\/sv\/wp-json\/wp\/v2\/product\/750283","targetHints":{"allow":["GET"]}}],"collection":[{"href":"https:\/\/nbg.eu\/sv\/wp-json\/wp\/v2\/product"}],"about":[{"href":"https:\/\/nbg.eu\/sv\/wp-json\/wp\/v2\/types\/product"}],"wp:featuredmedia":[{"embeddable":true,"href":"https:\/\/nbg.eu\/sv\/wp-json\/wp\/v2\/media\/750284"}],"wp:attachment":[{"href":"https:\/\/nbg.eu\/sv\/wp-json\/wp\/v2\/media?parent=750283"}],"wp:term":[{"taxonomy":"product_brand","embeddable":true,"href":"https:\/\/nbg.eu\/sv\/wp-json\/wp\/v2\/product_brand?post=750283"},{"taxonomy":"product_cat","embeddable":true,"href":"https:\/\/nbg.eu\/sv\/wp-json\/wp\/v2\/product_cat?post=750283"},{"taxonomy":"product_tag","embeddable":true,"href":"https:\/\/nbg.eu\/sv\/wp-json\/wp\/v2\/product_tag?post=750283"}],"curies":[{"name":"wp","href":"https:\/\/api.w.org\/{rel}","templated":true}]}}

Eberlestock Spectre Ryggsäck &#8211; Multicam

<h2>Eberlestock Spectre Ryggsäck</h2>
<p>Eberlestock Spectre är den mest innovativa och mångsidiga krypskytte-ryggsäcken i Eberlestock-sortimentet och omdefinierar kapaciteten för precisionsstridsutrustning. Med 3100 kubiktum kapacitet, integrerat vapenfodral och omfattande organisationsfunktioner är Spectre byggd för operatörer som kräver högsta prestandanivå från sin utrustning.</p>
<h3>Nyckelfunktioner</h3>
<ul>
<li>3,100 c.i. / 50.8L capacity</li>
<li>Integrated rifle scabbard (34&#8243;)</li>
<li>Full MOLLE/PALS webbing</li>
<li>Adjustable torso length</li>
<li>Hydration compatible</li>
<li>Eberlestock Lifetime Warranty</li>
</ul>
<h3>Specifikationer</h3>
<table>
<tr>
<td><strong>Kapacitet</strong></td>
<td>3,100 c.i. / 50.8L</td>
</tr>
<tr>
<td><strong>Vikt</strong></td>
<td>6 lbs 6 oz</td>
</tr>
<tr>
<td><strong>Dimensioner</strong></td>
<td>23&#8243; x 12&#8243; (Scabbard: 34&#8243;)</td>
</tr>
<tr>
<td><strong>Artikelnummer</strong></td>
<td>W2MM, W2ME, W2MC, W2MJ</td>
</tr>
<tr>
<td><strong>Tillverkare</strong></td>
<td>Eberlestock (Veteranägt företag)</td>
</tr>
</table>

<p>Eberlestock Spectre är den mest innovativa och mångsidiga krypskytte-ryggsäcken i Eberlestock-sortimentet och omdefinierar kapaciteten för precisionsstridsutrustning. Med 3100 kubiktum kapacitet, integrerat vapenfodral och omfattande organisationsfunktioner är Spectre byggd för operatörer som kräver högsta prestandanivå från sin utrustning.</p>
